{"id":2424,"date":"2018-09-13T06:26:47","date_gmt":"2018-09-13T06:26:47","guid":{"rendered":"https:\/\/restaurantefrutosdelmar.com\/index.php\/homepages\/vertical-slide-gradient-portfolio\/"},"modified":"2018-09-13T06:26:47","modified_gmt":"2018-09-13T06:26:47","slug":"vertical-slide-gradient-portfolio","status":"publish","type":"page","link":"https:\/\/restaurantefrutosdelmar.com\/index.php\/homepages\/vertical-slide-gradient-portfolio\/","title":{"rendered":"Vertical Slide Gradient Portfolio"},"content":{"rendered":"<section class=\"wpb-content-wrapper\"><p>[vc_row full_width=&#8221;stretch_row_content_no_spaces&#8221; height=&#8221;full-calc&#8221; onepage_anchor=&#8221;portfolio-featured-01&#8243;][vc_column][tm_portfolio_featured style=&#8221;02&#8243; background_color=&#8221;gradient&#8221; portfolio=&#8221;changing-values-of-photography&#8221; number=&#8221;01\/&#8221; image=&#8221;2423&#8243; background_gradient=&#8221;background: -webkit-gradient(linear, left top, left bottom, color-stop(0%, #FFE643), color-stop(100%, #409844));background: -moz-linear-gradient(135deg,#FFE643 0%,#409844 100%);background: -webkit-linear-gradient(135deg,#FFE643 0%,#409844 100%);background: -o-linear-gradient(135deg,#FFE643 0%,#409844 100%);background: -ms-linear-gradient(135deg,#FFE643 0%,#409844 100%);background: linear-gradient(135deg,#FFE643 0%,#409844 100%);&#8221;][\/vc_column][\/vc_row][vc_row full_width=&#8221;stretch_row_content_no_spaces&#8221; height=&#8221;full-calc&#8221; onepage_anchor=&#8221;portfolio-featured-02&#8243;][vc_column][tm_portfolio_featured style=&#8221;02&#8243; background_color=&#8221;gradient&#8221; portfolio=&#8221;b-sharp-high-end-audio&#8221; number=&#8221;02\/&#8221; background_gradient=&#8221;background: -webkit-gradient(linear, left top, left bottom, color-stop(0%, #38D4FF), color-stop(100%, #12A149));background: -moz-linear-gradient(135deg,#38D4FF 0%,#12A149 100%);background: -webkit-linear-gradient(135deg,#38D4FF 0%,#12A149 100%);background: -o-linear-gradient(135deg,#38D4FF 0%,#12A149 100%);background: -ms-linear-gradient(135deg,#38D4FF 0%,#12A149 100%);background: linear-gradient(135deg,#38D4FF 0%,#12A149 100%);&#8221;][\/vc_column][\/vc_row][vc_row full_width=&#8221;stretch_row_content_no_spaces&#8221; height=&#8221;full-calc&#8221; onepage_anchor=&#8221;portfolio-featured-03&#8243;][vc_column][tm_portfolio_featured style=&#8221;02&#8243; background_color=&#8221;gradient&#8221; portfolio=&#8221;sharing-creative-process&#8221; number=&#8221;03\/&#8221; image=&#8221;2422&#8243; background_gradient=&#8221;background: -webkit-gradient(linear, left top, left bottom, color-stop(0%, #D32F20), color-stop(100%, #F6802B));background: -moz-linear-gradient(135deg,#D32F20 0%,#F6802B 100%);background: -webkit-linear-gradient(135deg,#D32F20 0%,#F6802B 100%);background: -o-linear-gradient(135deg,#D32F20 0%,#F6802B 100%);background: -ms-linear-gradient(135deg,#D32F20 0%,#F6802B 100%);background: linear-gradient(135deg,#D32F20 0%,#F6802B 100%);&#8221;][\/vc_column][\/vc_row]<\/p>\n<\/section>","protected":false},"excerpt":{"rendered":"<p>[vc_row full_width=&#8221;stretch_row_content_no_spaces&#8221; height=&#8221;full-calc&#8221; onepage_anchor=&#8221;portfolio-featured-01&#8243;][vc_column][tm_portfolio_featured style=&#8221;02&#8243; background_color=&#8221;gradient&#8221; portfolio=&#8221;changing-values-of-photography&#8221; number=&#8221;01\/&#8221; image=&#8221;2423&#8243; background_gradient=&#8221;background: -webkit-gradient(linear, left top, left bottom, color-stop(0%, #FFE643), color-stop(100%, #409844));background: -moz-linear-gradient(135deg,#FFE643 0%,#409844 100%);background: -webkit-linear-gradient(135deg,#FFE643 0%,#409844 100%);background: -o-linear-gradient(135deg,#FFE643 0%,#409844 100%);background: -ms-linear-gradient(135deg,#FFE643 0%,#409844 100%);background: linear-gradient(135deg,#FFE643 0%,#409844 100%);&#8221;][\/vc_column][\/vc_row][vc_row full_width=&#8221;stretch_row_content_no_spaces&#8221; height=&#8221;full-calc&#8221; onepage_anchor=&#8221;portfolio-featured-02&#8243;][vc_column][tm_portfolio_featured style=&#8221;02&#8243; background_color=&#8221;gradient&#8221; portfolio=&#8221;b-sharp-high-end-audio&#8221; number=&#8221;02\/&#8221; background_gradient=&#8221;background: -webkit-gradient(linear, left top, left bottom, color-stop(0%, #38D4FF), color-stop(100%, #12A149));background: -moz-linear-gradient(135deg,#38D4FF 0%,#12A149 100%);background: -webkit-linear-gradient(135deg,#38D4FF 0%,#12A149 100%);background: -o-linear-gradient(135deg,#38D4FF 0%,#12A149 100%);background: -ms-linear-gradient(135deg,#38D4FF 0%,#12A149 100%);background: linear-gradient(135deg,#38D4FF 0%,#12A149 100%);&#8221;][\/vc_column][\/vc_row][vc_row full_width=&#8221;stretch_row_content_no_spaces&#8221; height=&#8221;full-calc&#8221; onepage_anchor=&#8221;portfolio-featured-03&#8243;][vc_column][tm_portfolio_featured style=&#8221;02&#8243; background_color=&#8221;gradient&#8221; portfolio=&#8221;sharing-creative-process&#8221; number=&#8221;03\/&#8221; image=&#8221;2422&#8243; background_gradient=&#8221;background: -webkit-gradient(linear, left top, left bottom, color-stop(0%, #D32F20), color-stop(100%, #F6802B));background: -moz-linear-gradient(135deg,#D32F20 0%,#F6802B 100%);background: -webkit-linear-gradient(135deg,#D32F20 0%,#F6802B 100%);background: -o-linear-gradient(135deg,#D32F20 0%,#F6802B 100%);background: -ms-linear-gradient(135deg,#D32F20 0%,#F6802B 100%);background: linear-gradient(135deg,#D32F20 0%,#F6802B 100%);&#8221;][\/vc_column][\/vc_row]<\/p>\n","protected":false},"author":1,"featured_media":0,"parent":1335,"menu_order":0,"comment_status":"closed","ping_status":"closed","template":"templates\/one-page-scroll.php","meta":{"footnotes":""},"class_list":["post-2424","page","type-page","status-publish","hentry","post-no-thumbnail"],"yoast_head":"<!-- This site is optimized with the Yoast SEO plugin v25.8 - https:\/\/yoast.com\/wordpress\/plugins\/seo\/ -->\n<title>Vertical Slide Gradient Portfolio - restaurantefrutosdelmar.com<\/title>\n<meta name=\"description\" content=\"El Restaurante Con tradici\u00f3n del chef Sergio Botero. Se encuentra ubicado en Marinilla, Antioquia. Durante los ultimos a\u00f1os ha recibido numerosos reconocimientos. Destacandose como uno de los mejores restaurantes de comida Colombiana del pa\u00eds.\" \/>\n<meta name=\"robots\" content=\"index, follow, max-snippet:-1, max-image-preview:large, max-video-preview:-1\" \/>\n<link rel=\"canonical\" href=\"https:\/\/restaurantefrutosdelmar.com\/index.php\/homepages\/vertical-slide-gradient-portfolio\/\" \/>\n<meta property=\"og:locale\" content=\"en_US\" \/>\n<meta property=\"og:type\" content=\"article\" \/>\n<meta property=\"og:title\" content=\"Vertical Slide Gradient Portfolio - restaurantefrutosdelmar.com\" \/>\n<meta property=\"og:description\" content=\"El Restaurante Con tradici\u00f3n del chef Sergio Botero. Se encuentra ubicado en Marinilla, Antioquia. Durante los ultimos a\u00f1os ha recibido numerosos reconocimientos. Destacandose como uno de los mejores restaurantes de comida Colombiana del pa\u00eds.\" \/>\n<meta property=\"og:url\" content=\"https:\/\/restaurantefrutosdelmar.com\/index.php\/homepages\/vertical-slide-gradient-portfolio\/\" \/>\n<meta property=\"og:site_name\" content=\"restaurantefrutosdelmar.com\" \/>\n<meta property=\"article:publisher\" content=\"https:\/\/es-la.facebook.com\/restaurantecontradicion\/\" \/>\n<meta name=\"twitter:card\" content=\"summary_large_image\" \/>\n<meta name=\"twitter:label1\" content=\"Est. reading time\" \/>\n\t<meta name=\"twitter:data1\" content=\"1 minute\" \/>\n<script type=\"application\/ld+json\" class=\"yoast-schema-graph\">{\"@context\":\"https:\/\/schema.org\",\"@graph\":[{\"@type\":\"WebPage\",\"@id\":\"https:\/\/restaurantefrutosdelmar.com\/index.php\/homepages\/vertical-slide-gradient-portfolio\/\",\"url\":\"https:\/\/restaurantefrutosdelmar.com\/index.php\/homepages\/vertical-slide-gradient-portfolio\/\",\"name\":\"Vertical Slide Gradient Portfolio - restaurantefrutosdelmar.com\",\"isPartOf\":{\"@id\":\"https:\/\/restaurantefrutosdelmar.com\/#website\"},\"datePublished\":\"2018-09-13T06:26:47+00:00\",\"description\":\"El Restaurante Con tradici\u00f3n del chef Sergio Botero. Se encuentra ubicado en Marinilla, Antioquia. Durante los ultimos a\u00f1os ha recibido numerosos reconocimientos. Destacandose como uno de los mejores restaurantes de comida Colombiana del pa\u00eds.\",\"breadcrumb\":{\"@id\":\"https:\/\/restaurantefrutosdelmar.com\/index.php\/homepages\/vertical-slide-gradient-portfolio\/#breadcrumb\"},\"inLanguage\":\"en-US\",\"potentialAction\":[{\"@type\":\"ReadAction\",\"target\":[\"https:\/\/restaurantefrutosdelmar.com\/index.php\/homepages\/vertical-slide-gradient-portfolio\/\"]}]},{\"@type\":\"BreadcrumbList\",\"@id\":\"https:\/\/restaurantefrutosdelmar.com\/index.php\/homepages\/vertical-slide-gradient-portfolio\/#breadcrumb\",\"itemListElement\":[{\"@type\":\"ListItem\",\"position\":1,\"name\":\"Home\",\"item\":\"https:\/\/restaurantefrutosdelmar.com\/\"},{\"@type\":\"ListItem\",\"position\":2,\"name\":\"Homepages\",\"item\":\"https:\/\/restaurantefrutosdelmar.com\/index.php\/homepages\/\"},{\"@type\":\"ListItem\",\"position\":3,\"name\":\"Vertical Slide Gradient Portfolio\"}]},{\"@type\":\"WebSite\",\"@id\":\"https:\/\/restaurantefrutosdelmar.com\/#website\",\"url\":\"https:\/\/restaurantefrutosdelmar.com\/\",\"name\":\"restaurantefrutosdelmar.com\",\"description\":\"\",\"publisher\":{\"@id\":\"https:\/\/restaurantefrutosdelmar.com\/#organization\"},\"potentialAction\":[{\"@type\":\"SearchAction\",\"target\":{\"@type\":\"EntryPoint\",\"urlTemplate\":\"https:\/\/restaurantefrutosdelmar.com\/?s={search_term_string}\"},\"query-input\":{\"@type\":\"PropertyValueSpecification\",\"valueRequired\":true,\"valueName\":\"search_term_string\"}}],\"inLanguage\":\"en-US\"},{\"@type\":\"Organization\",\"@id\":\"https:\/\/restaurantefrutosdelmar.com\/#organization\",\"name\":\"Con tradicion Restaurante\",\"url\":\"https:\/\/restaurantefrutosdelmar.com\/\",\"logo\":{\"@type\":\"ImageObject\",\"inLanguage\":\"en-US\",\"@id\":\"https:\/\/restaurantefrutosdelmar.com\/#\/schema\/logo\/image\/\",\"url\":\"https:\/\/restaurantefrutosdelmar.com\/wp-content\/uploads\/2022\/12\/Contradicion-Restaurante.png\",\"contentUrl\":\"https:\/\/restaurantefrutosdelmar.com\/wp-content\/uploads\/2022\/12\/Contradicion-Restaurante.png\",\"width\":2090,\"height\":1324,\"caption\":\"Con tradicion Restaurante\"},\"image\":{\"@id\":\"https:\/\/restaurantefrutosdelmar.com\/#\/schema\/logo\/image\/\"},\"sameAs\":[\"https:\/\/es-la.facebook.com\/restaurantecontradicion\/\"]}]}<\/script>\n<!-- \/ Yoast SEO plugin. -->","yoast_head_json":{"title":"Vertical Slide Gradient Portfolio - restaurantefrutosdelmar.com","description":"El Restaurante Con tradici\u00f3n del chef Sergio Botero. Se encuentra ubicado en Marinilla, Antioquia. Durante los ultimos a\u00f1os ha recibido numerosos reconocimientos. Destacandose como uno de los mejores restaurantes de comida Colombiana del pa\u00eds.","robots":{"index":"index","follow":"follow","max-snippet":"max-snippet:-1","max-image-preview":"max-image-preview:large","max-video-preview":"max-video-preview:-1"},"canonical":"https:\/\/restaurantefrutosdelmar.com\/index.php\/homepages\/vertical-slide-gradient-portfolio\/","og_locale":"en_US","og_type":"article","og_title":"Vertical Slide Gradient Portfolio - restaurantefrutosdelmar.com","og_description":"El Restaurante Con tradici\u00f3n del chef Sergio Botero. Se encuentra ubicado en Marinilla, Antioquia. Durante los ultimos a\u00f1os ha recibido numerosos reconocimientos. Destacandose como uno de los mejores restaurantes de comida Colombiana del pa\u00eds.","og_url":"https:\/\/restaurantefrutosdelmar.com\/index.php\/homepages\/vertical-slide-gradient-portfolio\/","og_site_name":"restaurantefrutosdelmar.com","article_publisher":"https:\/\/es-la.facebook.com\/restaurantecontradicion\/","twitter_card":"summary_large_image","twitter_misc":{"Est. reading time":"1 minute"},"schema":{"@context":"https:\/\/schema.org","@graph":[{"@type":"WebPage","@id":"https:\/\/restaurantefrutosdelmar.com\/index.php\/homepages\/vertical-slide-gradient-portfolio\/","url":"https:\/\/restaurantefrutosdelmar.com\/index.php\/homepages\/vertical-slide-gradient-portfolio\/","name":"Vertical Slide Gradient Portfolio - restaurantefrutosdelmar.com","isPartOf":{"@id":"https:\/\/restaurantefrutosdelmar.com\/#website"},"datePublished":"2018-09-13T06:26:47+00:00","description":"El Restaurante Con tradici\u00f3n del chef Sergio Botero. Se encuentra ubicado en Marinilla, Antioquia. Durante los ultimos a\u00f1os ha recibido numerosos reconocimientos. Destacandose como uno de los mejores restaurantes de comida Colombiana del pa\u00eds.","breadcrumb":{"@id":"https:\/\/restaurantefrutosdelmar.com\/index.php\/homepages\/vertical-slide-gradient-portfolio\/#breadcrumb"},"inLanguage":"en-US","potentialAction":[{"@type":"ReadAction","target":["https:\/\/restaurantefrutosdelmar.com\/index.php\/homepages\/vertical-slide-gradient-portfolio\/"]}]},{"@type":"BreadcrumbList","@id":"https:\/\/restaurantefrutosdelmar.com\/index.php\/homepages\/vertical-slide-gradient-portfolio\/#breadcrumb","itemListElement":[{"@type":"ListItem","position":1,"name":"Home","item":"https:\/\/restaurantefrutosdelmar.com\/"},{"@type":"ListItem","position":2,"name":"Homepages","item":"https:\/\/restaurantefrutosdelmar.com\/index.php\/homepages\/"},{"@type":"ListItem","position":3,"name":"Vertical Slide Gradient Portfolio"}]},{"@type":"WebSite","@id":"https:\/\/restaurantefrutosdelmar.com\/#website","url":"https:\/\/restaurantefrutosdelmar.com\/","name":"restaurantefrutosdelmar.com","description":"","publisher":{"@id":"https:\/\/restaurantefrutosdelmar.com\/#organization"},"potentialAction":[{"@type":"SearchAction","target":{"@type":"EntryPoint","urlTemplate":"https:\/\/restaurantefrutosdelmar.com\/?s={search_term_string}"},"query-input":{"@type":"PropertyValueSpecification","valueRequired":true,"valueName":"search_term_string"}}],"inLanguage":"en-US"},{"@type":"Organization","@id":"https:\/\/restaurantefrutosdelmar.com\/#organization","name":"Con tradicion Restaurante","url":"https:\/\/restaurantefrutosdelmar.com\/","logo":{"@type":"ImageObject","inLanguage":"en-US","@id":"https:\/\/restaurantefrutosdelmar.com\/#\/schema\/logo\/image\/","url":"https:\/\/restaurantefrutosdelmar.com\/wp-content\/uploads\/2022\/12\/Contradicion-Restaurante.png","contentUrl":"https:\/\/restaurantefrutosdelmar.com\/wp-content\/uploads\/2022\/12\/Contradicion-Restaurante.png","width":2090,"height":1324,"caption":"Con tradicion Restaurante"},"image":{"@id":"https:\/\/restaurantefrutosdelmar.com\/#\/schema\/logo\/image\/"},"sameAs":["https:\/\/es-la.facebook.com\/restaurantecontradicion\/"]}]}},"_links":{"self":[{"href":"https:\/\/restaurantefrutosdelmar.com\/index.php\/wp-json\/wp\/v2\/pages\/2424","targetHints":{"allow":["GET"]}}],"collection":[{"href":"https:\/\/restaurantefrutosdelmar.com\/index.php\/wp-json\/wp\/v2\/pages"}],"about":[{"href":"https:\/\/restaurantefrutosdelmar.com\/index.php\/wp-json\/wp\/v2\/types\/page"}],"author":[{"embeddable":true,"href":"https:\/\/restaurantefrutosdelmar.com\/index.php\/wp-json\/wp\/v2\/users\/1"}],"replies":[{"embeddable":true,"href":"https:\/\/restaurantefrutosdelmar.com\/index.php\/wp-json\/wp\/v2\/comments?post=2424"}],"version-history":[{"count":0,"href":"https:\/\/restaurantefrutosdelmar.com\/index.php\/wp-json\/wp\/v2\/pages\/2424\/revisions"}],"up":[{"embeddable":true,"href":"https:\/\/restaurantefrutosdelmar.com\/index.php\/wp-json\/wp\/v2\/pages\/1335"}],"wp:attachment":[{"href":"https:\/\/restaurantefrutosdelmar.com\/index.php\/wp-json\/wp\/v2\/media?parent=2424"}],"curies":[{"name":"wp","href":"https:\/\/api.w.org\/{rel}","templated":true}]}}