{"id":3957,"date":"2018-10-29T08:11:07","date_gmt":"2018-10-29T08:11:07","guid":{"rendered":"https:\/\/restaurantefrutosdelmar.com\/index.php\/homepages\/authentic-studio\/"},"modified":"2018-10-29T08:11:07","modified_gmt":"2018-10-29T08:11:07","slug":"authentic-studio","status":"publish","type":"page","link":"https:\/\/restaurantefrutosdelmar.com\/index.php\/homepages\/authentic-studio\/","title":{"rendered":"Authentic Studio"},"content":{"rendered":"<section class=\"wpb-content-wrapper\"><p>[vc_row full_width=&#8221;stretch_row&#8221; content_placement=&#8221;middle&#8221; lg_spacing=&#8221;padding_top:142;padding_bottom:156&#8243; el_id=&#8221;section-about&#8221;][vc_column width=&#8221;1\/2&#8243;][tm_heading style=&#8221;modern-04&#8243; tag=&#8221;h6&#8243; custom_google_font=&#8221;&#8221; text=&#8221;WHO WE ARE&#8221;][tm_spacer size=&#8221;lg:35&#8243;][tm_heading tag=&#8221;div&#8221; custom_google_font=&#8221;&#8221; text_color=&#8221;custom&#8221; custom_text_color=&#8221;#222222&#8243; text=&#8221;Brook is a multi-purpose WordPress theme for creative businesses and companies. &#8221; font_size=&#8221;sm:24;md:30;lg:36&#8243; line_height=&#8221;1.5&#8243;][tm_spacer size=&#8221;lg:43&#8243;][tm_heading tag=&#8221;div&#8221; custom_google_font=&#8221;&#8221; text_color=&#8221;custom&#8221; custom_text_color=&#8221;#b3b3b3&#8243; text=&#8221;Brook presents your services with flexible, convenient and multipurpose layouts. You can select your favorite layouts &amp; elements for particular projects with unlimited customization possibilities. Pixel-perfect replication of the designers is intended for both front-end &amp; back-end developers.&#8221; font_size=&#8221;lg:20&#8243; line_height=&#8221;1.6&#8243;][tm_spacer size=&#8221;lg:64&#8243;][tm_button style=&#8221;text-long-arrow&#8221; size=&#8221;lg&#8221; button=&#8221;url:%23|title:More%20about%20us||&#8221; color=&#8221;custom&#8221; font_color=&#8221;custom&#8221; custom_font_color=&#8221;#222222&#8243;][\/vc_column][vc_column width=&#8221;1\/2&#8243; lg_spacing=&#8221;padding_left:70&#8243; md_spacing=&#8221;padding_left:15&#8243;][tm_image image=&#8221;3963&#8243; lg_spacing=&#8221;margin_right:-90&#8243;][\/vc_column][\/vc_row][vc_row full_width=&#8221;stretch_row_content_no_spaces&#8221; content_placement=&#8221;middle&#8221; lg_spacing=&#8221;padding_right:100;padding_left:100&#8243; md_spacing=&#8221;padding_right:50;padding_left:50&#8243; sm_spacing=&#8221;padding_right:15;padding_left:15&#8243;][vc_column width=&#8221;1\/2&#8243; layer_index=&#8221;2&#8243;][tm_popup_video style=&#8221;poster-04&#8243; image_size=&#8221;custom&#8221; poster=&#8221;4034&#8243; image_size_width=&#8221;865&#8243; image_size_height=&#8221;650&#8243; video=&#8221;https:\/\/www.youtube.com\/watch?v=9No-FiEInLA&#8221;][\/vc_column][vc_column width=&#8221;1\/2&#8243; background_color=&#8221;custom&#8221; custom_background_color=&#8221;#f7f1ec&#8221;][vc_row_inner content_alignment=&#8221;center&#8221; max_width=&#8221;530px&#8221;][vc_column_inner][tm_heading style=&#8221;modern-04&#8243; tag=&#8221;h6&#8243; custom_google_font=&#8221;&#8221; text=&#8221;Best Services&#8221;][tm_spacer size=&#8221;lg:40&#8243;][tm_heading style=&#8221;typed-text&#8221; tag=&#8221;div&#8221; custom_google_font=&#8221;&#8221; text_color=&#8221;custom&#8221; custom_text_color=&#8221;#222222&#8243; text=&#8221;Top-notch creative theme for all kind of <mark>projects.<\/mark>&#8221; typed_list=&#8221;%5B%7B%22text%22%3A%22websites.%22%7D%2C%7B%22text%22%3A%22blogs.%22%7D%5D&#8221; font_size=&#8221;xs:38;sm:44;md:50;lg:56&#8243; line_height=&#8221;1.33&#8243;][\/vc_column_inner][\/vc_row_inner][\/vc_column][\/vc_row][vc_row full_width=&#8221;stretch_row&#8221;][vc_column][tm_spacer size=&#8221;lg:120&#8243;][tm_heading style=&#8221;modern-04&#8243; custom_google_font=&#8221;&#8221; align=&#8221;center&#8221; text=&#8221;Portfolios&#8221;][tm_spacer size=&#8221;lg:25&#8243;][tm_heading tag=&#8221;div&#8221; custom_google_font=&#8221;&#8221; align=&#8221;center&#8221; text_color=&#8221;custom&#8221; custom_text_color=&#8221;#222222&#8243; text=&#8221;Collection of the greatest works&#8221; font_size=&#8221;sm:36;md:42;lg:48&#8243; line_height=&#8221;1.32&#8243;][tm_spacer size=&#8221;lg:77&#8243;][tm_portfolio style=&#8221;grid-caption-video-popup&#8221; text_align=&#8221;center&#8221; number=&#8221;6&#8243; columns=&#8221;xs:1;sm:2;lg:3&#8243; column_gutter=&#8221;lg:30&#8243; row_gutter=&#8221;lg:15&#8243; taxonomies=&#8221;portfolio_tags:standard&#8221;][tm_spacer size=&#8221;lg:80&#8243;][\/vc_column][\/vc_row][vc_row full_width=&#8221;stretch_row_content&#8221; lg_spacing=&#8221;padding_right:100;padding_left:100&#8243;][vc_column background_color=&#8221;custom&#8221; custom_background_color=&#8221;#f7f7f7&#8243;][tm_spacer size=&#8221;lg:112&#8243;][tm_heading style=&#8221;modern-04&#8243; custom_google_font=&#8221;&#8221; align=&#8221;center&#8221; el_class=&#8221;secondary-font&#8221; text=&#8221;REASONS WHY&#8221;][tm_spacer size=&#8221;lg:25&#8243;][tm_heading tag=&#8221;div&#8221; custom_google_font=&#8221;&#8221; align=&#8221;center&#8221; text_color=&#8221;custom&#8221; custom_text_color=&#8221;#222222&#8243; text=&#8221;We&#8217;re trusted by clients&#8221; font_size=&#8221;sm:36;md:42;lg:48&#8243; line_height=&#8221;1.32&#8243;][tm_spacer size=&#8221;lg:82&#8243;][tm_grid align=&#8221;center&#8221; centered_items=&#8221;1&#8243; columns=&#8221;xs:1;sm:1;lg:3&#8243; column_gutter=&#8221;lg:30&#8243; row_gutter=&#8221;lg:50&#8243; item_max_width=&#8221;sm:370&#8243; max_width=&#8221;lg:1170&#8243;][tm_box_icon style=&#8221;03&#8243; align=&#8221;center&#8221; icon_type=&#8221;ion&#8221; icon_ion=&#8221;ion-ios-eye-outline&#8221; heading=&#8221;Modern Design&#8221; text=&#8221;Brook embraces a modern look with various enhanced pre-defined page elements.&#8221; button=&#8221;|||&#8221; box_link=&#8221;url:%23|title:View%20more||&#8221; text_width=&#8221;300px&#8221;][tm_box_icon style=&#8221;03&#8243; align=&#8221;center&#8221; icon_type=&#8221;ion&#8221; icon_ion=&#8221;ion-ios-bookmarks-outline&#8221; heading=&#8221;Multi-purpose Use&#8221; text=&#8221;This is the theme for businesses &amp; companies operating in a wide range of areas.&#8221; button=&#8221;|||&#8221; box_link=&#8221;url:%23|title:View%20more||&#8221; text_width=&#8221;300px&#8221;][tm_box_icon style=&#8221;03&#8243; align=&#8221;center&#8221; icon_type=&#8221;ion&#8221; icon_ion=&#8221;ion-ios-browsers-outline&#8221; heading=&#8221;Responsive Design&#8221; text=&#8221;Brook is highly responsive thanks to built-in WPBakery &amp; Slider Revolution plugins.&#8221; button=&#8221;|||&#8221; box_link=&#8221;url:%23|title:View%20more||&#8221; text_width=&#8221;300px&#8221;][\/tm_grid][tm_spacer size=&#8221;sm:110;lg:158&#8243;][\/vc_column][\/vc_row][vc_row full_width=&#8221;stretch_row&#8221; separator_type=&#8221;triangle&#8221; separator_position=&#8221;top&#8221; custom_separator_color=&#8221;#f7f7f7&#8243; separator_height=&#8221;lg:27&#8243;][vc_column][tm_spacer size=&#8221;lg:112&#8243;][tm_heading style=&#8221;modern-04&#8243; custom_google_font=&#8221;&#8221; align=&#8221;center&#8221; text=&#8221;Testimonials&#8221;][tm_spacer size=&#8221;lg:62&#8243;][tm_testimonial style=&#8221;modern-slider-02&#8243; number=&#8221;9&#8243; auto_play=&#8221;5000&#8243; nav=&#8221;01&#8243; taxonomies=&#8221;testimonial_category:modern&#8221; carousel_gutter=&#8221;lg:30&#8243;][tm_spacer size=&#8221;sm:100;lg:125&#8243;][\/vc_column][\/vc_row]<\/p>\n<\/section>","protected":false},"excerpt":{"rendered":"<p>[vc_row full_width=&#8221;stretch_row&#8221; content_placement=&#8221;middle&#8221; lg_spacing=&#8221;padding_top:142;padding_bottom:156&#8243; el_id=&#8221;section-about&#8221;][vc_column width=&#8221;1\/2&#8243;][tm_heading style=&#8221;modern-04&#8243; tag=&#8221;h6&#8243; custom_google_font=&#8221;&#8221; text=&#8221;WHO WE ARE&#8221;][tm_spacer size=&#8221;lg:35&#8243;][tm_heading tag=&#8221;div&#8221; custom_google_font=&#8221;&#8221; text_color=&#8221;custom&#8221; custom_text_color=&#8221;#222222&#8243; text=&#8221;Brook is a multi-purpose WordPress theme for creative businesses and companies. &#8221; font_size=&#8221;sm:24;md:30;lg:36&#8243; line_height=&#8221;1.5&#8243;][tm_spacer size=&#8221;lg:43&#8243;][tm_heading tag=&#8221;div&#8221; custom_google_font=&#8221;&#8221; text_color=&#8221;custom&#8221; custom_text_color=&#8221;#b3b3b3&#8243; text=&#8221;Brook presents your services with flexible, convenient and multipurpose layouts. You can select your favorite layouts &amp; elements for particular projects with unlimited customization possibilities. Pixel-perfect replication of the designers is intended for both front-end &amp; back-end developers.&#8221; font_size=&#8221;lg:20&#8243; line_height=&#8221;1.6&#8243;][tm_spacer size=&#8221;lg:64&#8243;][tm_button style=&#8221;text-long-arrow&#8221; size=&#8221;lg&#8221; button=&#8221;url:%23|title:More%20about%20us||&#8221; color=&#8221;custom&#8221; font_color=&#8221;custom&#8221; custom_font_color=&#8221;#222222&#8243;][\/vc_column][vc_column width=&#8221;1\/2&#8243; lg_spacing=&#8221;padding_left:70&#8243; md_spacing=&#8221;padding_left:15&#8243;][tm_image image=&#8221;3963&#8243; lg_spacing=&#8221;margin_right:-90&#8243;][\/vc_column][\/vc_row][vc_row full_width=&#8221;stretch_row_content_no_spaces&#8221; content_placement=&#8221;middle&#8221; lg_spacing=&#8221;padding_right:100;padding_left:100&#8243; md_spacing=&#8221;padding_right:50;padding_left:50&#8243; sm_spacing=&#8221;padding_right:15;padding_left:15&#8243;][vc_column width=&#8221;1\/2&#8243; layer_index=&#8221;2&#8243;][tm_popup_video style=&#8221;poster-04&#8243; image_size=&#8221;custom&#8221; poster=&#8221;4034&#8243; image_size_width=&#8221;865&#8243; image_size_height=&#8221;650&#8243; video=&#8221;https:\/\/www.youtube.com\/watch?v=9No-FiEInLA&#8221;][\/vc_column][vc_column width=&#8221;1\/2&#8243; background_color=&#8221;custom&#8221; custom_background_color=&#8221;#f7f1ec&#8221;][vc_row_inner content_alignment=&#8221;center&#8221; max_width=&#8221;530px&#8221;][vc_column_inner][tm_heading style=&#8221;modern-04&#8243; tag=&#8221;h6&#8243; custom_google_font=&#8221;&#8221; text=&#8221;Best Services&#8221;][tm_spacer size=&#8221;lg:40&#8243;][tm_heading style=&#8221;typed-text&#8221; tag=&#8221;div&#8221; custom_google_font=&#8221;&#8221; text_color=&#8221;custom&#8221; custom_text_color=&#8221;#222222&#8243; text=&#8221;Top-notch creative theme for all kind of projects.&#8221; typed_list=&#8221;%5B%7B%22text%22%3A%22websites.%22%7D%2C%7B%22text%22%3A%22blogs.%22%7D%5D&#8221; font_size=&#8221;xs:38;sm:44;md:50;lg:56&#8243; line_height=&#8221;1.33&#8243;][\/vc_column_inner][\/vc_row_inner][\/vc_column][\/vc_row][vc_row full_width=&#8221;stretch_row&#8221;][vc_column][tm_spacer size=&#8221;lg:120&#8243;][tm_heading style=&#8221;modern-04&#8243; custom_google_font=&#8221;&#8221; align=&#8221;center&#8221; text=&#8221;Portfolios&#8221;][tm_spacer size=&#8221;lg:25&#8243;][tm_heading tag=&#8221;div&#8221; custom_google_font=&#8221;&#8221; align=&#8221;center&#8221; text_color=&#8221;custom&#8221; custom_text_color=&#8221;#222222&#8243; text=&#8221;Collection of the greatest works&#8221; font_size=&#8221;sm:36;md:42;lg:48&#8243; line_height=&#8221;1.32&#8243;][tm_spacer size=&#8221;lg:77&#8243;][tm_portfolio style=&#8221;grid-caption-video-popup&#8221; text_align=&#8221;center&#8221; number=&#8221;6&#8243; columns=&#8221;xs:1;sm:2;lg:3&#8243; column_gutter=&#8221;lg:30&#8243; row_gutter=&#8221;lg:15&#8243; taxonomies=&#8221;portfolio_tags:standard&#8221;][tm_spacer size=&#8221;lg:80&#8243;][\/vc_column][\/vc_row][vc_row full_width=&#8221;stretch_row_content&#8221; lg_spacing=&#8221;padding_right:100;padding_left:100&#8243;][vc_column background_color=&#8221;custom&#8221; custom_background_color=&#8221;#f7f7f7&#8243;][tm_spacer size=&#8221;lg:112&#8243;][tm_heading style=&#8221;modern-04&#8243; custom_google_font=&#8221;&#8221; align=&#8221;center&#8221; el_class=&#8221;secondary-font&#8221; text=&#8221;REASONS WHY&#8221;][tm_spacer size=&#8221;lg:25&#8243;][tm_heading tag=&#8221;div&#8221; custom_google_font=&#8221;&#8221; align=&#8221;center&#8221; text_color=&#8221;custom&#8221; custom_text_color=&#8221;#222222&#8243; text=&#8221;We&#8217;re trusted by clients&#8221; font_size=&#8221;sm:36;md:42;lg:48&#8243; line_height=&#8221;1.32&#8243;][tm_spacer size=&#8221;lg:82&#8243;][tm_grid align=&#8221;center&#8221; centered_items=&#8221;1&#8243; columns=&#8221;xs:1;sm:1;lg:3&#8243; column_gutter=&#8221;lg:30&#8243; row_gutter=&#8221;lg:50&#8243; item_max_width=&#8221;sm:370&#8243; max_width=&#8221;lg:1170&#8243;][tm_box_icon style=&#8221;03&#8243; align=&#8221;center&#8221; icon_type=&#8221;ion&#8221; icon_ion=&#8221;ion-ios-eye-outline&#8221; heading=&#8221;Modern Design&#8221; text=&#8221;Brook embraces a modern look with various enhanced pre-defined page elements.&#8221; button=&#8221;|||&#8221; box_link=&#8221;url:%23|title:View%20more||&#8221; text_width=&#8221;300px&#8221;][tm_box_icon style=&#8221;03&#8243; align=&#8221;center&#8221; icon_type=&#8221;ion&#8221; icon_ion=&#8221;ion-ios-bookmarks-outline&#8221; heading=&#8221;Multi-purpose Use&#8221; text=&#8221;This is the theme for businesses &amp; companies operating in a wide range of areas.&#8221; button=&#8221;|||&#8221; box_link=&#8221;url:%23|title:View%20more||&#8221; text_width=&#8221;300px&#8221;][tm_box_icon style=&#8221;03&#8243; align=&#8221;center&#8221; icon_type=&#8221;ion&#8221; icon_ion=&#8221;ion-ios-browsers-outline&#8221; heading=&#8221;Responsive Design&#8221; text=&#8221;Brook is highly responsive thanks to built-in WPBakery &amp; Slider Revolution plugins.&#8221; button=&#8221;|||&#8221; box_link=&#8221;url:%23|title:View%20more||&#8221; text_width=&#8221;300px&#8221;][\/tm_grid][tm_spacer size=&#8221;sm:110;lg:158&#8243;][\/vc_column][\/vc_row][vc_row full_width=&#8221;stretch_row&#8221; separator_type=&#8221;triangle&#8221; separator_position=&#8221;top&#8221; custom_separator_color=&#8221;#f7f7f7&#8243; separator_height=&#8221;lg:27&#8243;][vc_column][tm_spacer size=&#8221;lg:112&#8243;][tm_heading style=&#8221;modern-04&#8243; custom_google_font=&#8221;&#8221; align=&#8221;center&#8221; text=&#8221;Testimonials&#8221;][tm_spacer size=&#8221;lg:62&#8243;][tm_testimonial style=&#8221;modern-slider-02&#8243; number=&#8221;9&#8243; auto_play=&#8221;5000&#8243; nav=&#8221;01&#8243; taxonomies=&#8221;testimonial_category:modern&#8221; carousel_gutter=&#8221;lg:30&#8243;][tm_spacer size=&#8221;sm:100;lg:125&#8243;][\/vc_column][\/vc_row]<\/p>\n","protected":false},"author":1,"featured_media":0,"parent":1335,"menu_order":0,"comment_status":"closed","ping_status":"closed","template":"","meta":{"footnotes":""},"class_list":["post-3957","page","type-page","status-publish","hentry","post-no-thumbnail"],"yoast_head":"<!-- This site is optimized with the Yoast SEO plugin v25.8 - https:\/\/yoast.com\/wordpress\/plugins\/seo\/ -->\n<title>Authentic Studio - restaurantefrutosdelmar.com<\/title>\n<meta name=\"description\" content=\"El Restaurante Con tradici\u00f3n del chef Sergio Botero. Se encuentra ubicado en Marinilla, Antioquia. Durante los ultimos a\u00f1os ha recibido numerosos reconocimientos. Destacandose como uno de los mejores restaurantes de comida Colombiana del pa\u00eds.\" \/>\n<meta name=\"robots\" content=\"index, follow, max-snippet:-1, max-image-preview:large, max-video-preview:-1\" \/>\n<link rel=\"canonical\" href=\"https:\/\/restaurantefrutosdelmar.com\/index.php\/homepages\/authentic-studio\/\" \/>\n<meta property=\"og:locale\" content=\"en_US\" \/>\n<meta property=\"og:type\" content=\"article\" \/>\n<meta property=\"og:title\" content=\"Authentic Studio - restaurantefrutosdelmar.com\" \/>\n<meta property=\"og:description\" content=\"El Restaurante Con tradici\u00f3n del chef Sergio Botero. Se encuentra ubicado en Marinilla, Antioquia. Durante los ultimos a\u00f1os ha recibido numerosos reconocimientos. Destacandose como uno de los mejores restaurantes de comida Colombiana del pa\u00eds.\" \/>\n<meta property=\"og:url\" content=\"https:\/\/restaurantefrutosdelmar.com\/index.php\/homepages\/authentic-studio\/\" \/>\n<meta property=\"og:site_name\" content=\"restaurantefrutosdelmar.com\" \/>\n<meta property=\"article:publisher\" content=\"https:\/\/es-la.facebook.com\/restaurantecontradicion\/\" \/>\n<meta name=\"twitter:card\" content=\"summary_large_image\" \/>\n<meta name=\"twitter:label1\" content=\"Est. reading time\" \/>\n\t<meta name=\"twitter:data1\" content=\"4 minutes\" \/>\n<script type=\"application\/ld+json\" class=\"yoast-schema-graph\">{\"@context\":\"https:\/\/schema.org\",\"@graph\":[{\"@type\":\"WebPage\",\"@id\":\"https:\/\/restaurantefrutosdelmar.com\/index.php\/homepages\/authentic-studio\/\",\"url\":\"https:\/\/restaurantefrutosdelmar.com\/index.php\/homepages\/authentic-studio\/\",\"name\":\"Authentic Studio - restaurantefrutosdelmar.com\",\"isPartOf\":{\"@id\":\"https:\/\/restaurantefrutosdelmar.com\/#website\"},\"datePublished\":\"2018-10-29T08:11:07+00:00\",\"description\":\"El Restaurante Con tradici\u00f3n del chef Sergio Botero. Se encuentra ubicado en Marinilla, Antioquia. Durante los ultimos a\u00f1os ha recibido numerosos reconocimientos. Destacandose como uno de los mejores restaurantes de comida Colombiana del pa\u00eds.\",\"breadcrumb\":{\"@id\":\"https:\/\/restaurantefrutosdelmar.com\/index.php\/homepages\/authentic-studio\/#breadcrumb\"},\"inLanguage\":\"en-US\",\"potentialAction\":[{\"@type\":\"ReadAction\",\"target\":[\"https:\/\/restaurantefrutosdelmar.com\/index.php\/homepages\/authentic-studio\/\"]}]},{\"@type\":\"BreadcrumbList\",\"@id\":\"https:\/\/restaurantefrutosdelmar.com\/index.php\/homepages\/authentic-studio\/#breadcrumb\",\"itemListElement\":[{\"@type\":\"ListItem\",\"position\":1,\"name\":\"Home\",\"item\":\"https:\/\/restaurantefrutosdelmar.com\/\"},{\"@type\":\"ListItem\",\"position\":2,\"name\":\"Homepages\",\"item\":\"https:\/\/restaurantefrutosdelmar.com\/index.php\/homepages\/\"},{\"@type\":\"ListItem\",\"position\":3,\"name\":\"Authentic Studio\"}]},{\"@type\":\"WebSite\",\"@id\":\"https:\/\/restaurantefrutosdelmar.com\/#website\",\"url\":\"https:\/\/restaurantefrutosdelmar.com\/\",\"name\":\"restaurantefrutosdelmar.com\",\"description\":\"\",\"publisher\":{\"@id\":\"https:\/\/restaurantefrutosdelmar.com\/#organization\"},\"potentialAction\":[{\"@type\":\"SearchAction\",\"target\":{\"@type\":\"EntryPoint\",\"urlTemplate\":\"https:\/\/restaurantefrutosdelmar.com\/?s={search_term_string}\"},\"query-input\":{\"@type\":\"PropertyValueSpecification\",\"valueRequired\":true,\"valueName\":\"search_term_string\"}}],\"inLanguage\":\"en-US\"},{\"@type\":\"Organization\",\"@id\":\"https:\/\/restaurantefrutosdelmar.com\/#organization\",\"name\":\"Con tradicion Restaurante\",\"url\":\"https:\/\/restaurantefrutosdelmar.com\/\",\"logo\":{\"@type\":\"ImageObject\",\"inLanguage\":\"en-US\",\"@id\":\"https:\/\/restaurantefrutosdelmar.com\/#\/schema\/logo\/image\/\",\"url\":\"https:\/\/restaurantefrutosdelmar.com\/wp-content\/uploads\/2022\/12\/Contradicion-Restaurante.png\",\"contentUrl\":\"https:\/\/restaurantefrutosdelmar.com\/wp-content\/uploads\/2022\/12\/Contradicion-Restaurante.png\",\"width\":2090,\"height\":1324,\"caption\":\"Con tradicion Restaurante\"},\"image\":{\"@id\":\"https:\/\/restaurantefrutosdelmar.com\/#\/schema\/logo\/image\/\"},\"sameAs\":[\"https:\/\/es-la.facebook.com\/restaurantecontradicion\/\"]}]}<\/script>\n<!-- \/ Yoast SEO plugin. -->","yoast_head_json":{"title":"Authentic Studio - restaurantefrutosdelmar.com","description":"El Restaurante Con tradici\u00f3n del chef Sergio Botero. Se encuentra ubicado en Marinilla, Antioquia. Durante los ultimos a\u00f1os ha recibido numerosos reconocimientos. Destacandose como uno de los mejores restaurantes de comida Colombiana del pa\u00eds.","robots":{"index":"index","follow":"follow","max-snippet":"max-snippet:-1","max-image-preview":"max-image-preview:large","max-video-preview":"max-video-preview:-1"},"canonical":"https:\/\/restaurantefrutosdelmar.com\/index.php\/homepages\/authentic-studio\/","og_locale":"en_US","og_type":"article","og_title":"Authentic Studio - restaurantefrutosdelmar.com","og_description":"El Restaurante Con tradici\u00f3n del chef Sergio Botero. Se encuentra ubicado en Marinilla, Antioquia. Durante los ultimos a\u00f1os ha recibido numerosos reconocimientos. Destacandose como uno de los mejores restaurantes de comida Colombiana del pa\u00eds.","og_url":"https:\/\/restaurantefrutosdelmar.com\/index.php\/homepages\/authentic-studio\/","og_site_name":"restaurantefrutosdelmar.com","article_publisher":"https:\/\/es-la.facebook.com\/restaurantecontradicion\/","twitter_card":"summary_large_image","twitter_misc":{"Est. reading time":"4 minutes"},"schema":{"@context":"https:\/\/schema.org","@graph":[{"@type":"WebPage","@id":"https:\/\/restaurantefrutosdelmar.com\/index.php\/homepages\/authentic-studio\/","url":"https:\/\/restaurantefrutosdelmar.com\/index.php\/homepages\/authentic-studio\/","name":"Authentic Studio - restaurantefrutosdelmar.com","isPartOf":{"@id":"https:\/\/restaurantefrutosdelmar.com\/#website"},"datePublished":"2018-10-29T08:11:07+00:00","description":"El Restaurante Con tradici\u00f3n del chef Sergio Botero. Se encuentra ubicado en Marinilla, Antioquia. Durante los ultimos a\u00f1os ha recibido numerosos reconocimientos. Destacandose como uno de los mejores restaurantes de comida Colombiana del pa\u00eds.","breadcrumb":{"@id":"https:\/\/restaurantefrutosdelmar.com\/index.php\/homepages\/authentic-studio\/#breadcrumb"},"inLanguage":"en-US","potentialAction":[{"@type":"ReadAction","target":["https:\/\/restaurantefrutosdelmar.com\/index.php\/homepages\/authentic-studio\/"]}]},{"@type":"BreadcrumbList","@id":"https:\/\/restaurantefrutosdelmar.com\/index.php\/homepages\/authentic-studio\/#breadcrumb","itemListElement":[{"@type":"ListItem","position":1,"name":"Home","item":"https:\/\/restaurantefrutosdelmar.com\/"},{"@type":"ListItem","position":2,"name":"Homepages","item":"https:\/\/restaurantefrutosdelmar.com\/index.php\/homepages\/"},{"@type":"ListItem","position":3,"name":"Authentic Studio"}]},{"@type":"WebSite","@id":"https:\/\/restaurantefrutosdelmar.com\/#website","url":"https:\/\/restaurantefrutosdelmar.com\/","name":"restaurantefrutosdelmar.com","description":"","publisher":{"@id":"https:\/\/restaurantefrutosdelmar.com\/#organization"},"potentialAction":[{"@type":"SearchAction","target":{"@type":"EntryPoint","urlTemplate":"https:\/\/restaurantefrutosdelmar.com\/?s={search_term_string}"},"query-input":{"@type":"PropertyValueSpecification","valueRequired":true,"valueName":"search_term_string"}}],"inLanguage":"en-US"},{"@type":"Organization","@id":"https:\/\/restaurantefrutosdelmar.com\/#organization","name":"Con tradicion Restaurante","url":"https:\/\/restaurantefrutosdelmar.com\/","logo":{"@type":"ImageObject","inLanguage":"en-US","@id":"https:\/\/restaurantefrutosdelmar.com\/#\/schema\/logo\/image\/","url":"https:\/\/restaurantefrutosdelmar.com\/wp-content\/uploads\/2022\/12\/Contradicion-Restaurante.png","contentUrl":"https:\/\/restaurantefrutosdelmar.com\/wp-content\/uploads\/2022\/12\/Contradicion-Restaurante.png","width":2090,"height":1324,"caption":"Con tradicion Restaurante"},"image":{"@id":"https:\/\/restaurantefrutosdelmar.com\/#\/schema\/logo\/image\/"},"sameAs":["https:\/\/es-la.facebook.com\/restaurantecontradicion\/"]}]}},"_links":{"self":[{"href":"https:\/\/restaurantefrutosdelmar.com\/index.php\/wp-json\/wp\/v2\/pages\/3957","targetHints":{"allow":["GET"]}}],"collection":[{"href":"https:\/\/restaurantefrutosdelmar.com\/index.php\/wp-json\/wp\/v2\/pages"}],"about":[{"href":"https:\/\/restaurantefrutosdelmar.com\/index.php\/wp-json\/wp\/v2\/types\/page"}],"author":[{"embeddable":true,"href":"https:\/\/restaurantefrutosdelmar.com\/index.php\/wp-json\/wp\/v2\/users\/1"}],"replies":[{"embeddable":true,"href":"https:\/\/restaurantefrutosdelmar.com\/index.php\/wp-json\/wp\/v2\/comments?post=3957"}],"version-history":[{"count":0,"href":"https:\/\/restaurantefrutosdelmar.com\/index.php\/wp-json\/wp\/v2\/pages\/3957\/revisions"}],"up":[{"embeddable":true,"href":"https:\/\/restaurantefrutosdelmar.com\/index.php\/wp-json\/wp\/v2\/pages\/1335"}],"wp:attachment":[{"href":"https:\/\/restaurantefrutosdelmar.com\/index.php\/wp-json\/wp\/v2\/media?parent=3957"}],"curies":[{"name":"wp","href":"https:\/\/api.w.org\/{rel}","templated":true}]}}