{"id":652,"date":"2018-07-05T04:07:00","date_gmt":"2018-07-05T04:07:00","guid":{"rendered":"https:\/\/restaurantefrutosdelmar.com\/index.php\/elements\/google-map\/"},"modified":"2018-07-05T04:07:00","modified_gmt":"2018-07-05T04:07:00","slug":"google-map","status":"publish","type":"page","link":"https:\/\/restaurantefrutosdelmar.com\/index.php\/elements\/google-map\/","title":{"rendered":"Google Map"},"content":{"rendered":"<section class=\"wpb-content-wrapper\"><p>[vc_row full_width=&#8221;stretch_row_content_no_spaces&#8221;][vc_column][tm_heading style=&#8221;common&#8221; custom_google_font=&#8221;&#8221; align=&#8221;center&#8221; text=&#8221;Default Style&#8221;][tm_spacer size=&#8221;lg:40&#8243;][tm_gmaps map_height=&#8221;500&#8243; zoom=&#8221;12&#8243; markers=&#8221;%5B%7B%22address%22%3A%2240.7590615%2C-73.969231%22%2C%22overlay_style%22%3A%22signal%22%2C%22title%22%3A%22Brook%20Studio%22%2C%22info%22%3A%22%3Cdiv%3E601%20Lexinton%20Avenue%2C%20NY%3C%2Fdiv%3E%5Cn%3Cdiv%3E%2B44%2020%207794%200190%3C%2Fdiv%3E%5Cn%3Ca%20href%3D%5C%22mailto%3Ainfo%40example.com%5C%22%3Einfo%40example.com%3C%2Fa%3E%22%7D%5D&#8221;][\/vc_column][\/vc_row][vc_row full_width=&#8221;stretch_row_content_no_spaces&#8221;][vc_column][tm_spacer size=&#8221;lg:100&#8243;][tm_heading style=&#8221;common&#8221; custom_google_font=&#8221;&#8221; align=&#8221;center&#8221; text=&#8221;Show Info When Hover&#8221;][tm_spacer size=&#8221;lg:40&#8243;][tm_gmaps map_height=&#8221;500&#8243; zoom=&#8221;12&#8243; overlay_enable=&#8221;1&#8243; markers=&#8221;%5B%7B%22address%22%3A%2240.7590615%2C-73.969231%22%2C%22overlay_style%22%3A%22signal-info%22%2C%22title%22%3A%22Brook%20Studio%22%2C%22info%22%3A%22%3Cdiv%3E601%20Lexinton%20Avenue%2C%20NY%3C%2Fdiv%3E%5Cn%3Cdiv%3E%2B44%2020%207794%200190%3C%2Fdiv%3E%5Cn%3Ca%20href%3D%5C%22mailto%3Ainfo%40example.com%5C%22%3Einfo%40example.com%3C%2Fa%3E%22%7D%5D&#8221;][\/vc_column][\/vc_row][vc_row full_width=&#8221;stretch_row_content_no_spaces&#8221;][vc_column][tm_spacer size=&#8221;lg:100&#8243;][tm_heading style=&#8221;common&#8221; custom_google_font=&#8221;&#8221; align=&#8221;center&#8221; text=&#8221;Fixed Info&#8221;][tm_spacer size=&#8221;lg:40&#8243;][tm_gmaps map_height=&#8221;500&#8243; zoom=&#8221;12&#8243; overlay_enable=&#8221;1&#8243; markers=&#8221;%5B%7B%22address%22%3A%2240.7590615%2C-73.969231%22%2C%22overlay_style%22%3A%22fixed-info%22%2C%22title%22%3A%22Brook%20Studio%22%2C%22info%22%3A%22%3Cdiv%3E601%20Lexinton%20Avenue%2C%20NY%3C%2Fdiv%3E%5Cn%3Cdiv%3E%2B44%2020%207794%200190%3C%2Fdiv%3E%5Cn%3Ca%20href%3D%5C%22mailto%3Ainfo%40example.com%5C%22%3Einfo%40example.com%3C%2Fa%3E%22%7D%5D&#8221;][\/vc_column][\/vc_row]<\/p>\n<\/section>","protected":false},"excerpt":{"rendered":"<p>[vc_row full_width=&#8221;stretch_row_content_no_spaces&#8221;][vc_column][tm_heading style=&#8221;common&#8221; custom_google_font=&#8221;&#8221; align=&#8221;center&#8221; text=&#8221;Default Style&#8221;][tm_spacer size=&#8221;lg:40&#8243;][tm_gmaps map_height=&#8221;500&#8243; zoom=&#8221;12&#8243; markers=&#8221;%5B%7B%22address%22%3A%2240.7590615%2C-73.969231%22%2C%22overlay_style%22%3A%22signal%22%2C%22title%22%3A%22Brook%20Studio%22%2C%22info%22%3A%22%3Cdiv%3E601%20Lexinton%20Avenue%2C%20NY%3C%2Fdiv%3E%5Cn%3Cdiv%3E%2B44%2020%207794%200190%3C%2Fdiv%3E%5Cn%3Ca%20href%3D%5C%22mailto%3Ainfo%40example.com%5C%22%3Einfo%40example.com%3C%2Fa%3E%22%7D%5D&#8221;][\/vc_column][\/vc_row][vc_row full_width=&#8221;stretch_row_content_no_spaces&#8221;][vc_column][tm_spacer size=&#8221;lg:100&#8243;][tm_heading style=&#8221;common&#8221; custom_google_font=&#8221;&#8221; align=&#8221;center&#8221; text=&#8221;Show Info When Hover&#8221;][tm_spacer size=&#8221;lg:40&#8243;][tm_gmaps map_height=&#8221;500&#8243; zoom=&#8221;12&#8243; overlay_enable=&#8221;1&#8243; markers=&#8221;%5B%7B%22address%22%3A%2240.7590615%2C-73.969231%22%2C%22overlay_style%22%3A%22signal-info%22%2C%22title%22%3A%22Brook%20Studio%22%2C%22info%22%3A%22%3Cdiv%3E601%20Lexinton%20Avenue%2C%20NY%3C%2Fdiv%3E%5Cn%3Cdiv%3E%2B44%2020%207794%200190%3C%2Fdiv%3E%5Cn%3Ca%20href%3D%5C%22mailto%3Ainfo%40example.com%5C%22%3Einfo%40example.com%3C%2Fa%3E%22%7D%5D&#8221;][\/vc_column][\/vc_row][vc_row full_width=&#8221;stretch_row_content_no_spaces&#8221;][vc_column][tm_spacer size=&#8221;lg:100&#8243;][tm_heading style=&#8221;common&#8221; custom_google_font=&#8221;&#8221; align=&#8221;center&#8221; text=&#8221;Fixed Info&#8221;][tm_spacer size=&#8221;lg:40&#8243;][tm_gmaps map_height=&#8221;500&#8243; zoom=&#8221;12&#8243; overlay_enable=&#8221;1&#8243; markers=&#8221;%5B%7B%22address%22%3A%2240.7590615%2C-73.969231%22%2C%22overlay_style%22%3A%22fixed-info%22%2C%22title%22%3A%22Brook%20Studio%22%2C%22info%22%3A%22%3Cdiv%3E601%20Lexinton%20Avenue%2C%20NY%3C%2Fdiv%3E%5Cn%3Cdiv%3E%2B44%2020%207794%200190%3C%2Fdiv%3E%5Cn%3Ca%20href%3D%5C%22mailto%3Ainfo%40example.com%5C%22%3Einfo%40example.com%3C%2Fa%3E%22%7D%5D&#8221;][\/vc_column][\/vc_row]<\/p>\n","protected":false},"author":1,"featured_media":0,"parent":365,"menu_order":0,"comment_status":"closed","ping_status":"closed","template":"","meta":{"footnotes":""},"class_list":["post-652","page","type-page","status-publish","hentry","post-no-thumbnail"],"yoast_head":"<!-- This site is optimized with the Yoast SEO plugin v25.8 - https:\/\/yoast.com\/wordpress\/plugins\/seo\/ -->\n<title>Google Map - restaurantefrutosdelmar.com<\/title>\n<meta name=\"description\" content=\"El Restaurante Con tradici\u00f3n del chef Sergio Botero. Se encuentra ubicado en Marinilla, Antioquia. Durante los ultimos a\u00f1os ha recibido numerosos reconocimientos. Destacandose como uno de los mejores restaurantes de comida Colombiana del pa\u00eds.\" \/>\n<meta name=\"robots\" content=\"index, follow, max-snippet:-1, max-image-preview:large, max-video-preview:-1\" \/>\n<link rel=\"canonical\" href=\"https:\/\/restaurantefrutosdelmar.com\/index.php\/elements\/google-map\/\" \/>\n<meta property=\"og:locale\" content=\"en_US\" \/>\n<meta property=\"og:type\" content=\"article\" \/>\n<meta property=\"og:title\" content=\"Google Map - restaurantefrutosdelmar.com\" \/>\n<meta property=\"og:description\" content=\"El Restaurante Con tradici\u00f3n del chef Sergio Botero. Se encuentra ubicado en Marinilla, Antioquia. Durante los ultimos a\u00f1os ha recibido numerosos reconocimientos. Destacandose como uno de los mejores restaurantes de comida Colombiana del pa\u00eds.\" \/>\n<meta property=\"og:url\" content=\"https:\/\/restaurantefrutosdelmar.com\/index.php\/elements\/google-map\/\" \/>\n<meta property=\"og:site_name\" content=\"restaurantefrutosdelmar.com\" \/>\n<meta property=\"article:publisher\" content=\"https:\/\/es-la.facebook.com\/restaurantecontradicion\/\" \/>\n<meta name=\"twitter:card\" content=\"summary_large_image\" \/>\n<meta name=\"twitter:label1\" content=\"Est. reading time\" \/>\n\t<meta name=\"twitter:data1\" content=\"1 minute\" \/>\n<script type=\"application\/ld+json\" class=\"yoast-schema-graph\">{\"@context\":\"https:\/\/schema.org\",\"@graph\":[{\"@type\":\"WebPage\",\"@id\":\"https:\/\/restaurantefrutosdelmar.com\/index.php\/elements\/google-map\/\",\"url\":\"https:\/\/restaurantefrutosdelmar.com\/index.php\/elements\/google-map\/\",\"name\":\"Google Map - restaurantefrutosdelmar.com\",\"isPartOf\":{\"@id\":\"https:\/\/restaurantefrutosdelmar.com\/#website\"},\"datePublished\":\"2018-07-05T04:07:00+00:00\",\"description\":\"El Restaurante Con tradici\u00f3n del chef Sergio Botero. Se encuentra ubicado en Marinilla, Antioquia. Durante los ultimos a\u00f1os ha recibido numerosos reconocimientos. Destacandose como uno de los mejores restaurantes de comida Colombiana del pa\u00eds.\",\"breadcrumb\":{\"@id\":\"https:\/\/restaurantefrutosdelmar.com\/index.php\/elements\/google-map\/#breadcrumb\"},\"inLanguage\":\"en-US\",\"potentialAction\":[{\"@type\":\"ReadAction\",\"target\":[\"https:\/\/restaurantefrutosdelmar.com\/index.php\/elements\/google-map\/\"]}]},{\"@type\":\"BreadcrumbList\",\"@id\":\"https:\/\/restaurantefrutosdelmar.com\/index.php\/elements\/google-map\/#breadcrumb\",\"itemListElement\":[{\"@type\":\"ListItem\",\"position\":1,\"name\":\"Home\",\"item\":\"https:\/\/restaurantefrutosdelmar.com\/\"},{\"@type\":\"ListItem\",\"position\":2,\"name\":\"Elements\",\"item\":\"https:\/\/restaurantefrutosdelmar.com\/index.php\/elements\/\"},{\"@type\":\"ListItem\",\"position\":3,\"name\":\"Google Map\"}]},{\"@type\":\"WebSite\",\"@id\":\"https:\/\/restaurantefrutosdelmar.com\/#website\",\"url\":\"https:\/\/restaurantefrutosdelmar.com\/\",\"name\":\"restaurantefrutosdelmar.com\",\"description\":\"\",\"publisher\":{\"@id\":\"https:\/\/restaurantefrutosdelmar.com\/#organization\"},\"potentialAction\":[{\"@type\":\"SearchAction\",\"target\":{\"@type\":\"EntryPoint\",\"urlTemplate\":\"https:\/\/restaurantefrutosdelmar.com\/?s={search_term_string}\"},\"query-input\":{\"@type\":\"PropertyValueSpecification\",\"valueRequired\":true,\"valueName\":\"search_term_string\"}}],\"inLanguage\":\"en-US\"},{\"@type\":\"Organization\",\"@id\":\"https:\/\/restaurantefrutosdelmar.com\/#organization\",\"name\":\"Con tradicion Restaurante\",\"url\":\"https:\/\/restaurantefrutosdelmar.com\/\",\"logo\":{\"@type\":\"ImageObject\",\"inLanguage\":\"en-US\",\"@id\":\"https:\/\/restaurantefrutosdelmar.com\/#\/schema\/logo\/image\/\",\"url\":\"https:\/\/restaurantefrutosdelmar.com\/wp-content\/uploads\/2022\/12\/Contradicion-Restaurante.png\",\"contentUrl\":\"https:\/\/restaurantefrutosdelmar.com\/wp-content\/uploads\/2022\/12\/Contradicion-Restaurante.png\",\"width\":2090,\"height\":1324,\"caption\":\"Con tradicion Restaurante\"},\"image\":{\"@id\":\"https:\/\/restaurantefrutosdelmar.com\/#\/schema\/logo\/image\/\"},\"sameAs\":[\"https:\/\/es-la.facebook.com\/restaurantecontradicion\/\"]}]}<\/script>\n<!-- \/ Yoast SEO plugin. -->","yoast_head_json":{"title":"Google Map - restaurantefrutosdelmar.com","description":"El Restaurante Con tradici\u00f3n del chef Sergio Botero. Se encuentra ubicado en Marinilla, Antioquia. Durante los ultimos a\u00f1os ha recibido numerosos reconocimientos. Destacandose como uno de los mejores restaurantes de comida Colombiana del pa\u00eds.","robots":{"index":"index","follow":"follow","max-snippet":"max-snippet:-1","max-image-preview":"max-image-preview:large","max-video-preview":"max-video-preview:-1"},"canonical":"https:\/\/restaurantefrutosdelmar.com\/index.php\/elements\/google-map\/","og_locale":"en_US","og_type":"article","og_title":"Google Map - restaurantefrutosdelmar.com","og_description":"El Restaurante Con tradici\u00f3n del chef Sergio Botero. Se encuentra ubicado en Marinilla, Antioquia. Durante los ultimos a\u00f1os ha recibido numerosos reconocimientos. Destacandose como uno de los mejores restaurantes de comida Colombiana del pa\u00eds.","og_url":"https:\/\/restaurantefrutosdelmar.com\/index.php\/elements\/google-map\/","og_site_name":"restaurantefrutosdelmar.com","article_publisher":"https:\/\/es-la.facebook.com\/restaurantecontradicion\/","twitter_card":"summary_large_image","twitter_misc":{"Est. reading time":"1 minute"},"schema":{"@context":"https:\/\/schema.org","@graph":[{"@type":"WebPage","@id":"https:\/\/restaurantefrutosdelmar.com\/index.php\/elements\/google-map\/","url":"https:\/\/restaurantefrutosdelmar.com\/index.php\/elements\/google-map\/","name":"Google Map - restaurantefrutosdelmar.com","isPartOf":{"@id":"https:\/\/restaurantefrutosdelmar.com\/#website"},"datePublished":"2018-07-05T04:07:00+00:00","description":"El Restaurante Con tradici\u00f3n del chef Sergio Botero. Se encuentra ubicado en Marinilla, Antioquia. Durante los ultimos a\u00f1os ha recibido numerosos reconocimientos. Destacandose como uno de los mejores restaurantes de comida Colombiana del pa\u00eds.","breadcrumb":{"@id":"https:\/\/restaurantefrutosdelmar.com\/index.php\/elements\/google-map\/#breadcrumb"},"inLanguage":"en-US","potentialAction":[{"@type":"ReadAction","target":["https:\/\/restaurantefrutosdelmar.com\/index.php\/elements\/google-map\/"]}]},{"@type":"BreadcrumbList","@id":"https:\/\/restaurantefrutosdelmar.com\/index.php\/elements\/google-map\/#breadcrumb","itemListElement":[{"@type":"ListItem","position":1,"name":"Home","item":"https:\/\/restaurantefrutosdelmar.com\/"},{"@type":"ListItem","position":2,"name":"Elements","item":"https:\/\/restaurantefrutosdelmar.com\/index.php\/elements\/"},{"@type":"ListItem","position":3,"name":"Google Map"}]},{"@type":"WebSite","@id":"https:\/\/restaurantefrutosdelmar.com\/#website","url":"https:\/\/restaurantefrutosdelmar.com\/","name":"restaurantefrutosdelmar.com","description":"","publisher":{"@id":"https:\/\/restaurantefrutosdelmar.com\/#organization"},"potentialAction":[{"@type":"SearchAction","target":{"@type":"EntryPoint","urlTemplate":"https:\/\/restaurantefrutosdelmar.com\/?s={search_term_string}"},"query-input":{"@type":"PropertyValueSpecification","valueRequired":true,"valueName":"search_term_string"}}],"inLanguage":"en-US"},{"@type":"Organization","@id":"https:\/\/restaurantefrutosdelmar.com\/#organization","name":"Con tradicion Restaurante","url":"https:\/\/restaurantefrutosdelmar.com\/","logo":{"@type":"ImageObject","inLanguage":"en-US","@id":"https:\/\/restaurantefrutosdelmar.com\/#\/schema\/logo\/image\/","url":"https:\/\/restaurantefrutosdelmar.com\/wp-content\/uploads\/2022\/12\/Contradicion-Restaurante.png","contentUrl":"https:\/\/restaurantefrutosdelmar.com\/wp-content\/uploads\/2022\/12\/Contradicion-Restaurante.png","width":2090,"height":1324,"caption":"Con tradicion Restaurante"},"image":{"@id":"https:\/\/restaurantefrutosdelmar.com\/#\/schema\/logo\/image\/"},"sameAs":["https:\/\/es-la.facebook.com\/restaurantecontradicion\/"]}]}},"_links":{"self":[{"href":"https:\/\/restaurantefrutosdelmar.com\/index.php\/wp-json\/wp\/v2\/pages\/652","targetHints":{"allow":["GET"]}}],"collection":[{"href":"https:\/\/restaurantefrutosdelmar.com\/index.php\/wp-json\/wp\/v2\/pages"}],"about":[{"href":"https:\/\/restaurantefrutosdelmar.com\/index.php\/wp-json\/wp\/v2\/types\/page"}],"author":[{"embeddable":true,"href":"https:\/\/restaurantefrutosdelmar.com\/index.php\/wp-json\/wp\/v2\/users\/1"}],"replies":[{"embeddable":true,"href":"https:\/\/restaurantefrutosdelmar.com\/index.php\/wp-json\/wp\/v2\/comments?post=652"}],"version-history":[{"count":0,"href":"https:\/\/restaurantefrutosdelmar.com\/index.php\/wp-json\/wp\/v2\/pages\/652\/revisions"}],"up":[{"embeddable":true,"href":"https:\/\/restaurantefrutosdelmar.com\/index.php\/wp-json\/wp\/v2\/pages\/365"}],"wp:attachment":[{"href":"https:\/\/restaurantefrutosdelmar.com\/index.php\/wp-json\/wp\/v2\/media?parent=652"}],"curies":[{"name":"wp","href":"https:\/\/api.w.org\/{rel}","templated":true}]}}