{"id":771,"date":"2018-07-07T10:13:29","date_gmt":"2018-07-07T10:13:29","guid":{"rendered":""},"modified":"2022-12-14T15:35:20","modified_gmt":"2022-12-14T15:35:20","slug":"about-us-01","status":"publish","type":"page","link":"https:\/\/restaurantefrutosdelmar.com\/index.php\/pages\/about-us-01\/","title":{"rendered":"About Us 01"},"content":{"rendered":"<section class=\"wpb-content-wrapper\"><p>[vc_row full_width=&#8221;stretch_row&#8221; background_image=&#8221;772&#8243; background_position=&#8221;center&#8221;][vc_column][tm_spacer size=&#8221;sm:170;md:220;lg:272&#8243;][tm_heading custom_google_font=&#8221;&#8221; align=&#8221;center&#8221; text_color=&#8221;custom&#8221; custom_text_color=&#8221;#ffffff&#8221; text=&#8221;Brook is a New York-based<br \/>\ncreative agency&#8221; font_size=&#8221;sm:40;md:48;lg:56&#8243; line_height=&#8221;1.41&#8243;][tm_spacer size=&#8221;sm:170;md:220;lg:272&#8243;][\/vc_column][\/vc_row][vc_row][vc_column][vc_row_inner][vc_column_inner][tm_spacer size=&#8221;lg:100&#8243;][tm_heading tag=&#8221;h5&#8243; custom_google_font=&#8221;&#8221; text_color=&#8221;primary&#8221; text=&#8221;What we do&#8221; font_size=&#8221;lg:18&#8243; line_height=&#8221;1.38&#8243;][tm_spacer size=&#8221;lg:30&#8243;][tm_heading custom_google_font=&#8221;&#8221; text=&#8221;Effective solution for every businesses&#8221; font_size=&#8221;sm:24;md:30;lg:36&#8243;][tm_spacer size=&#8221;lg:80&#8243;][\/vc_column_inner][\/vc_row_inner][vc_row_inner][vc_column_inner offset=&#8221;vc_col-md-2&#8243;][tm_spacer size=&#8221;lg:10&#8243;][tm_separator][tm_spacer size=&#8221;sm:50&#8243;][\/vc_column_inner][vc_column_inner offset=&#8221;vc_col-md-4&#8243;][tm_heading tag=&#8221;h5&#8243; custom_google_font=&#8221;&#8221; text_color=&#8221;primary&#8221; text=&#8221;Fresh ideas&#8221; font_size=&#8221;lg:18&#8243; line_height=&#8221;1.38&#8243;][tm_spacer size=&#8221;lg:20&#8243;][tm_heading tag=&#8221;div&#8221; custom_google_font=&#8221;&#8221; text=&#8221;Brook presents your services with flexible, convenient and multipurpose layouts. You can select your favorite layouts &amp; elements for particular projects with unlimited customization possibilities.&#8221;][tm_spacer size=&#8221;sm:50&#8243;][\/vc_column_inner][vc_column_inner offset=&#8221;vc_col-md-offset-1 vc_col-md-4&#8243;][tm_heading tag=&#8221;h5&#8243; custom_google_font=&#8221;&#8221; text_color=&#8221;primary&#8221; text=&#8221;Unique designs&#8221; font_size=&#8221;lg:18&#8243; line_height=&#8221;1.38&#8243;][tm_spacer size=&#8221;lg:20&#8243;][tm_heading tag=&#8221;div&#8221; custom_google_font=&#8221;&#8221; text=&#8221;Pixel-perfect replication of the designers is intended for both front-end &amp; back-end developers to build their pages with greater comfort thanks to the higher customizability as well as flexibility.&#8221;][\/vc_column_inner][\/vc_row_inner][tm_spacer size=&#8221;sm:75;lg:135&#8243;][vc_row_inner][vc_column_inner offset=&#8221;vc_col-md-5&#8243;][tm_heading custom_google_font=&#8221;&#8221; text_color=&#8221;primary&#8221; text=&#8221;We design &amp; build brands, campaigns and digital projects for businesses.&#8221; font_size=&#8221;sm:24;md:30;lg:36&#8243; line_height=&#8221;1.44&#8243;][tm_spacer size=&#8221;sm:50&#8243;][\/vc_column_inner][vc_column_inner offset=&#8221;vc_col-md-7&#8243;][vc_progress_bar bar_height=&#8221;4&#8243; values=&#8221;%5B%7B%22label%22%3A%22UI%2FUX%22%2C%22value%22%3A%2285%22%2C%22custom_background_color%22%3A%22%23222222%22%2C%22custom_track_color%22%3A%22%23ededed%22%2C%22custom_text_color%22%3A%22%23333333%22%7D%2C%7B%22label%22%3A%22Ideas%22%2C%22value%22%3A%2280%22%2C%22custom_background_color%22%3A%22%23222222%22%2C%22custom_track_color%22%3A%22%23ededed%22%2C%22custom_text_color%22%3A%22%23333333%22%7D%2C%7B%22label%22%3A%22Marketing%22%2C%22value%22%3A%2290%22%2C%22custom_background_color%22%3A%22%23222222%22%2C%22custom_track_color%22%3A%22%23ededed%22%2C%22custom_text_color%22%3A%22%23333333%22%7D%5D&#8221; units=&#8221;%&#8221;][\/vc_column_inner][\/vc_row_inner][tm_spacer size=&#8221;sm:100;lg:150&#8243;][tm_slider image_size=&#8221;1170&#215;600&#8243; nav=&#8221;04&#8243; pagination=&#8221;03&#8243; gutter=&#8221;30&#8243; auto_play=&#8221;5000&#8243; items_display=&#8221;xs:1;lg:1&#8243; items=&#8221;%5B%7B%22image%22%3A%22787%22%2C%22link%22%3A%22Link%22%7D%2C%7B%22image%22%3A%22614%22%2C%22link%22%3A%22Link%22%7D%5D&#8221;][tm_spacer size=&#8221;sm:100;lg:150&#8243;][tm_heading style=&#8221;modern-02&#8243; custom_google_font=&#8221;&#8221; align=&#8221;center&#8221; text=&#8221;How We Do&#8221;][tm_spacer size=&#8221;lg:34&#8243;][tm_heading custom_google_font=&#8221;&#8221; align=&#8221;center&#8221; text=&#8221;Creative procedure&#8221; font_size=&#8221;sm:24;md:30;lg:36&#8243; line_height=&#8221;1.41&#8243;][tm_spacer size=&#8221;lg:72&#8243;][tm_gradation items=&#8221;%5B%7B%22title%22%3A%22Brainstorming%22%2C%22text%22%3A%22study%20the%20problem%20and%20general%20materials%20to%20find%20out%20creative%20concepts.%22%7D%2C%7B%22title%22%3A%22Approaching%22%2C%22text%22%3A%22quickly%20translate%20the%20visions%20into%20reality%20and%20patent%20possible%20approaches.%22%7D%2C%7B%22title%22%3A%22Adjusting%22%2C%22text%22%3A%22release%20approaches%20out%20into%20the%20world%2C%20submit%20it%20to%20criticism%20%26%20adaptation.%20%20%22%7D%5D&#8221;][tm_spacer size=&#8221;sm:100;lg:150&#8243;][\/vc_column][\/vc_row][vc_row full_width=&#8221;stretch_row_content_no_spaces&#8221; content_placement=&#8221;middle&#8221; background_color=&#8221;custom&#8221; custom_background_color=&#8221;#222222&#8243;][vc_column width=&#8221;1\/2&#8243;][vc_row_inner content_alignment=&#8221;right&#8221; sm_content_alignment=&#8221;center&#8221; max_width=&#8221;600px&#8221;][vc_column_inner][tm_spacer size=&#8221;lg:100&#8243;][tm_heading custom_google_font=&#8221;&#8221; text_color=&#8221;custom&#8221; custom_text_color=&#8221;#ffffff&#8221; text=&#8221;What<br \/>\npeople say<br \/>\nabout us&#8221; font_size=&#8221;lg:36&#8243; line_height=&#8221;1.44&#8243;][tm_spacer size=&#8221;lg:100&#8243;][\/vc_column_inner][\/vc_row_inner][\/vc_column][vc_column width=&#8221;1\/2&#8243;][tm_testimonial style=&#8221;carousel-03&#8243; number=&#8221;9&#8243; auto_play=&#8221;&#8221; nav=&#8221;03&#8243; carousel_gutter=&#8221;lg:30&#8243; carousel_items_display=&#8221;xs:1;sm:2;lg:3&#8243; taxonomies=&#8221;testimonial_category:standard&#8221;][\/vc_column][\/vc_row][vc_row full_width=&#8221;stretch_row&#8221;][vc_column][tm_spacer size=&#8221;sm:60;lg:80&#8243;][tm_client gutter=&#8221;30&#8243; auto_play=&#8221;5000&#8243; items_display=&#8221;xs:2;sm:3;md:4;lg:5&#8243; items=&#8221;%5B%7B%22image%22%3A%22500%22%2C%22link%22%3A%22url%3A%2523%7Ctitle%3AClient%2520Logo%252001%7C%7C%22%7D%2C%7B%22image%22%3A%22499%22%2C%22link%22%3A%22url%3A%2523%7Ctitle%3AClient%2520Logo%252001%7C%7C%22%7D%2C%7B%22image%22%3A%22498%22%2C%22link%22%3A%22url%3A%2523%7Ctitle%3AClient%2520Logo%252003%7C%7C%22%7D%2C%7B%22image%22%3A%22497%22%2C%22link%22%3A%22url%3A%2523%7Ctitle%3AClient%2520Logo%252004%7C%7C%22%7D%2C%7B%22image%22%3A%22496%22%2C%22link%22%3A%22url%3A%2523%7Ctitle%3AClient%2520Logo%252005%7C%7C%22%7D%2C%7B%22image%22%3A%22495%22%2C%22link%22%3A%22url%3A%2523%7Ctitle%3AClient%2520Logo%252006%7C%7C%22%7D%5D&#8221;][tm_spacer size=&#8221;sm:60;lg:80&#8243;][\/vc_column][\/vc_row][vc_row full_width=&#8221;stretch_row&#8221; content_placement=&#8221;middle&#8221; background_color=&#8221;primary&#8221; lg_spacing=&#8221;padding_top:69;padding_bottom:69&#8243;][vc_column width=&#8221;1\/2&#8243;][tm_heading custom_google_font=&#8221;&#8221; xs_align=&#8221;center&#8221; text_color=&#8221;custom&#8221; custom_text_color=&#8221;#ffffff&#8221; text=&#8221;Start working together?&#8221;][tm_spacer size=&#8221;xs:30&#8243;][\/vc_column][vc_column width=&#8221;1\/2&#8243;][tm_button button=&#8221;url:%23|title:Find%20out%20more||&#8221; align=&#8221;right&#8221; xs_align=&#8221;center&#8221; color=&#8221;custom&#8221; button_bg_color=&#8221;custom&#8221; font_color=&#8221;primary&#8221; button_border_color=&#8221;custom&#8221; custom_button_bg_color=&#8221;#ffffff&#8221; custom_button_border_color=&#8221;#ffffff&#8221;][\/vc_column][\/vc_row]<\/p>\n<\/section>","protected":false},"excerpt":{"rendered":"<p>[vc_row full_width=&#8221;stretch_row&#8221; background_image=&#8221;772&#8243; background_position=&#8221;center&#8221;][vc_column][tm_spacer size=&#8221;sm:170;md:220;lg:272&#8243;][tm_heading custom_google_font=&#8221;&#8221; align=&#8221;center&#8221; text_color=&#8221;custom&#8221; custom_text_color=&#8221;#ffffff&#8221; text=&#8221;Brook is a New York-based creative agency&#8221; font_size=&#8221;sm:40;md:48;lg:56&#8243; line_height=&#8221;1.41&#8243;][tm_spacer size=&#8221;sm:170;md:220;lg:272&#8243;][\/vc_column][\/vc_row][vc_row][vc_column][vc_row_inner][vc_column_inner][tm_spacer size=&#8221;lg:100&#8243;][tm_heading tag=&#8221;h5&#8243; custom_google_font=&#8221;&#8221; text_color=&#8221;primary&#8221; text=&#8221;What we do&#8221; font_size=&#8221;lg:18&#8243; line_height=&#8221;1.38&#8243;][tm_spacer size=&#8221;lg:30&#8243;][tm_heading custom_google_font=&#8221;&#8221; text=&#8221;Effective solution for every businesses&#8221; font_size=&#8221;sm:24;md:30;lg:36&#8243;][tm_spacer size=&#8221;lg:80&#8243;][\/vc_column_inner][\/vc_row_inner][vc_row_inner][vc_column_inner offset=&#8221;vc_col-md-2&#8243;][tm_spacer size=&#8221;lg:10&#8243;][tm_separator][tm_spacer size=&#8221;sm:50&#8243;][\/vc_column_inner][vc_column_inner offset=&#8221;vc_col-md-4&#8243;][tm_heading tag=&#8221;h5&#8243; custom_google_font=&#8221;&#8221; text_color=&#8221;primary&#8221; text=&#8221;Fresh ideas&#8221; font_size=&#8221;lg:18&#8243; line_height=&#8221;1.38&#8243;][tm_spacer size=&#8221;lg:20&#8243;][tm_heading tag=&#8221;div&#8221; custom_google_font=&#8221;&#8221; text=&#8221;Brook presents your services with flexible, convenient and multipurpose layouts. You can select your favorite layouts &amp; elements for particular projects with unlimited customization possibilities.&#8221;][tm_spacer size=&#8221;sm:50&#8243;][\/vc_column_inner][vc_column_inner offset=&#8221;vc_col-md-offset-1 vc_col-md-4&#8243;][tm_heading tag=&#8221;h5&#8243; custom_google_font=&#8221;&#8221; text_color=&#8221;primary&#8221; text=&#8221;Unique designs&#8221; font_size=&#8221;lg:18&#8243; line_height=&#8221;1.38&#8243;][tm_spacer size=&#8221;lg:20&#8243;][tm_heading tag=&#8221;div&#8221; custom_google_font=&#8221;&#8221; text=&#8221;Pixel-perfect replication of the designers is intended for both front-end &amp; back-end developers to build their pages with greater comfort thanks to the higher customizability as well as flexibility.&#8221;][\/vc_column_inner][\/vc_row_inner][tm_spacer size=&#8221;sm:75;lg:135&#8243;][vc_row_inner][vc_column_inner offset=&#8221;vc_col-md-5&#8243;][tm_heading custom_google_font=&#8221;&#8221; text_color=&#8221;primary&#8221; text=&#8221;We design &amp; build brands, campaigns and digital projects for businesses.&#8221; font_size=&#8221;sm:24;md:30;lg:36&#8243; line_height=&#8221;1.44&#8243;][tm_spacer size=&#8221;sm:50&#8243;][\/vc_column_inner][vc_column_inner offset=&#8221;vc_col-md-7&#8243;][vc_progress_bar bar_height=&#8221;4&#8243; values=&#8221;%5B%7B%22label%22%3A%22UI%2FUX%22%2C%22value%22%3A%2285%22%2C%22custom_background_color%22%3A%22%23222222%22%2C%22custom_track_color%22%3A%22%23ededed%22%2C%22custom_text_color%22%3A%22%23333333%22%7D%2C%7B%22label%22%3A%22Ideas%22%2C%22value%22%3A%2280%22%2C%22custom_background_color%22%3A%22%23222222%22%2C%22custom_track_color%22%3A%22%23ededed%22%2C%22custom_text_color%22%3A%22%23333333%22%7D%2C%7B%22label%22%3A%22Marketing%22%2C%22value%22%3A%2290%22%2C%22custom_background_color%22%3A%22%23222222%22%2C%22custom_track_color%22%3A%22%23ededed%22%2C%22custom_text_color%22%3A%22%23333333%22%7D%5D&#8221; units=&#8221;%&#8221;][\/vc_column_inner][\/vc_row_inner][tm_spacer size=&#8221;sm:100;lg:150&#8243;][tm_slider image_size=&#8221;1170&#215;600&#8243; nav=&#8221;04&#8243; pagination=&#8221;03&#8243; gutter=&#8221;30&#8243; auto_play=&#8221;5000&#8243; items_display=&#8221;xs:1;lg:1&#8243; items=&#8221;%5B%7B%22image%22%3A%22787%22%2C%22link%22%3A%22Link%22%7D%2C%7B%22image%22%3A%22614%22%2C%22link%22%3A%22Link%22%7D%5D&#8221;][tm_spacer size=&#8221;sm:100;lg:150&#8243;][tm_heading style=&#8221;modern-02&#8243; custom_google_font=&#8221;&#8221; align=&#8221;center&#8221; text=&#8221;How We Do&#8221;][tm_spacer size=&#8221;lg:34&#8243;][tm_heading custom_google_font=&#8221;&#8221; align=&#8221;center&#8221; text=&#8221;Creative procedure&#8221; font_size=&#8221;sm:24;md:30;lg:36&#8243; line_height=&#8221;1.41&#8243;][tm_spacer size=&#8221;lg:72&#8243;][tm_gradation items=&#8221;%5B%7B%22title%22%3A%22Brainstorming%22%2C%22text%22%3A%22study%20the%20problem%20and%20general%20materials%20to%20find%20out%20creative%20concepts.%22%7D%2C%7B%22title%22%3A%22Approaching%22%2C%22text%22%3A%22quickly%20translate%20the%20visions%20into%20reality%20and%20patent%20possible%20approaches.%22%7D%2C%7B%22title%22%3A%22Adjusting%22%2C%22text%22%3A%22release%20approaches%20out%20into%20the%20world%2C%20submit%20it%20to%20criticism%20%26%20adaptation.%20%20%22%7D%5D&#8221;][tm_spacer size=&#8221;sm:100;lg:150&#8243;][\/vc_column][\/vc_row][vc_row full_width=&#8221;stretch_row_content_no_spaces&#8221; content_placement=&#8221;middle&#8221; background_color=&#8221;custom&#8221; custom_background_color=&#8221;#222222&#8243;][vc_column width=&#8221;1\/2&#8243;][vc_row_inner content_alignment=&#8221;right&#8221; sm_content_alignment=&#8221;center&#8221; max_width=&#8221;600px&#8221;][vc_column_inner][tm_spacer size=&#8221;lg:100&#8243;][tm_heading custom_google_font=&#8221;&#8221; text_color=&#8221;custom&#8221; custom_text_color=&#8221;#ffffff&#8221; text=&#8221;What people say about us&#8221; font_size=&#8221;lg:36&#8243; line_height=&#8221;1.44&#8243;][tm_spacer size=&#8221;lg:100&#8243;][\/vc_column_inner][\/vc_row_inner][\/vc_column][vc_column width=&#8221;1\/2&#8243;][tm_testimonial style=&#8221;carousel-03&#8243; number=&#8221;9&#8243; auto_play=&#8221;&#8221; nav=&#8221;03&#8243; carousel_gutter=&#8221;lg:30&#8243; carousel_items_display=&#8221;xs:1;sm:2;lg:3&#8243; taxonomies=&#8221;testimonial_category:standard&#8221;][\/vc_column][\/vc_row][vc_row full_width=&#8221;stretch_row&#8221;][vc_column][tm_spacer size=&#8221;sm:60;lg:80&#8243;][tm_client gutter=&#8221;30&#8243; auto_play=&#8221;5000&#8243; items_display=&#8221;xs:2;sm:3;md:4;lg:5&#8243; items=&#8221;%5B%7B%22image%22%3A%22500%22%2C%22link%22%3A%22url%3A%2523%7Ctitle%3AClient%2520Logo%252001%7C%7C%22%7D%2C%7B%22image%22%3A%22499%22%2C%22link%22%3A%22url%3A%2523%7Ctitle%3AClient%2520Logo%252001%7C%7C%22%7D%2C%7B%22image%22%3A%22498%22%2C%22link%22%3A%22url%3A%2523%7Ctitle%3AClient%2520Logo%252003%7C%7C%22%7D%2C%7B%22image%22%3A%22497%22%2C%22link%22%3A%22url%3A%2523%7Ctitle%3AClient%2520Logo%252004%7C%7C%22%7D%2C%7B%22image%22%3A%22496%22%2C%22link%22%3A%22url%3A%2523%7Ctitle%3AClient%2520Logo%252005%7C%7C%22%7D%2C%7B%22image%22%3A%22495%22%2C%22link%22%3A%22url%3A%2523%7Ctitle%3AClient%2520Logo%252006%7C%7C%22%7D%5D&#8221;][tm_spacer size=&#8221;sm:60;lg:80&#8243;][\/vc_column][\/vc_row][vc_row full_width=&#8221;stretch_row&#8221; content_placement=&#8221;middle&#8221; background_color=&#8221;primary&#8221; lg_spacing=&#8221;padding_top:69;padding_bottom:69&#8243;][vc_column width=&#8221;1\/2&#8243;][tm_heading custom_google_font=&#8221;&#8221; xs_align=&#8221;center&#8221; text_color=&#8221;custom&#8221; custom_text_color=&#8221;#ffffff&#8221; text=&#8221;Start working together?&#8221;][tm_spacer size=&#8221;xs:30&#8243;][\/vc_column][vc_column width=&#8221;1\/2&#8243;][tm_button button=&#8221;url:%23|title:Find%20out%20more||&#8221; align=&#8221;right&#8221; xs_align=&#8221;center&#8221; color=&#8221;custom&#8221; button_bg_color=&#8221;custom&#8221; font_color=&#8221;primary&#8221; button_border_color=&#8221;custom&#8221; custom_button_bg_color=&#8221;#ffffff&#8221; custom_button_border_color=&#8221;#ffffff&#8221;][\/vc_column][\/vc_row]<\/p>\n","protected":false},"author":1,"featured_media":0,"parent":1144,"menu_order":0,"comment_status":"closed","ping_status":"closed","template":"","meta":{"footnotes":""},"class_list":["post-771","page","type-page","status-publish","hentry","post-no-thumbnail"],"yoast_head":"<!-- This site is optimized with the Yoast SEO plugin v25.8 - https:\/\/yoast.com\/wordpress\/plugins\/seo\/ -->\n<title>About Us 01 - restaurantefrutosdelmar.com<\/title>\n<meta name=\"description\" content=\"El Restaurante Con tradici\u00f3n del chef Sergio Botero. Se encuentra ubicado en Marinilla, Antioquia. Durante los ultimos a\u00f1os ha recibido numerosos reconocimientos. Destacandose como uno de los mejores restaurantes de comida Colombiana del pa\u00eds.\" \/>\n<meta name=\"robots\" content=\"index, follow, max-snippet:-1, max-image-preview:large, max-video-preview:-1\" \/>\n<link rel=\"canonical\" href=\"https:\/\/restaurantefrutosdelmar.com\/index.php\/pages\/about-us-01\/\" \/>\n<meta property=\"og:locale\" content=\"en_US\" \/>\n<meta property=\"og:type\" content=\"article\" \/>\n<meta property=\"og:title\" content=\"About Us 01 - restaurantefrutosdelmar.com\" \/>\n<meta property=\"og:description\" content=\"El Restaurante Con tradici\u00f3n del chef Sergio Botero. Se encuentra ubicado en Marinilla, Antioquia. Durante los ultimos a\u00f1os ha recibido numerosos reconocimientos. Destacandose como uno de los mejores restaurantes de comida Colombiana del pa\u00eds.\" \/>\n<meta property=\"og:url\" content=\"https:\/\/restaurantefrutosdelmar.com\/index.php\/pages\/about-us-01\/\" \/>\n<meta property=\"og:site_name\" content=\"restaurantefrutosdelmar.com\" \/>\n<meta property=\"article:publisher\" content=\"https:\/\/es-la.facebook.com\/restaurantecontradicion\/\" \/>\n<meta property=\"article:modified_time\" content=\"2022-12-14T15:35:20+00:00\" \/>\n<meta name=\"twitter:card\" content=\"summary_large_image\" \/>\n<meta name=\"twitter:label1\" content=\"Est. reading time\" \/>\n\t<meta name=\"twitter:data1\" content=\"5 minutes\" \/>\n<script type=\"application\/ld+json\" class=\"yoast-schema-graph\">{\"@context\":\"https:\/\/schema.org\",\"@graph\":[{\"@type\":\"WebPage\",\"@id\":\"https:\/\/restaurantefrutosdelmar.com\/index.php\/pages\/about-us-01\/\",\"url\":\"https:\/\/restaurantefrutosdelmar.com\/index.php\/pages\/about-us-01\/\",\"name\":\"About Us 01 - restaurantefrutosdelmar.com\",\"isPartOf\":{\"@id\":\"https:\/\/restaurantefrutosdelmar.com\/#website\"},\"datePublished\":\"2018-07-07T10:13:29+00:00\",\"dateModified\":\"2022-12-14T15:35:20+00:00\",\"description\":\"El Restaurante Con tradici\u00f3n del chef Sergio Botero. Se encuentra ubicado en Marinilla, Antioquia. Durante los ultimos a\u00f1os ha recibido numerosos reconocimientos. Destacandose como uno de los mejores restaurantes de comida Colombiana del pa\u00eds.\",\"breadcrumb\":{\"@id\":\"https:\/\/restaurantefrutosdelmar.com\/index.php\/pages\/about-us-01\/#breadcrumb\"},\"inLanguage\":\"en-US\",\"potentialAction\":[{\"@type\":\"ReadAction\",\"target\":[\"https:\/\/restaurantefrutosdelmar.com\/index.php\/pages\/about-us-01\/\"]}]},{\"@type\":\"BreadcrumbList\",\"@id\":\"https:\/\/restaurantefrutosdelmar.com\/index.php\/pages\/about-us-01\/#breadcrumb\",\"itemListElement\":[{\"@type\":\"ListItem\",\"position\":1,\"name\":\"Home\",\"item\":\"https:\/\/restaurantefrutosdelmar.com\/\"},{\"@type\":\"ListItem\",\"position\":2,\"name\":\"Pages\",\"item\":\"https:\/\/restaurantefrutosdelmar.com\/index.php\/pages\/\"},{\"@type\":\"ListItem\",\"position\":3,\"name\":\"About Us 01\"}]},{\"@type\":\"WebSite\",\"@id\":\"https:\/\/restaurantefrutosdelmar.com\/#website\",\"url\":\"https:\/\/restaurantefrutosdelmar.com\/\",\"name\":\"restaurantefrutosdelmar.com\",\"description\":\"\",\"publisher\":{\"@id\":\"https:\/\/restaurantefrutosdelmar.com\/#organization\"},\"potentialAction\":[{\"@type\":\"SearchAction\",\"target\":{\"@type\":\"EntryPoint\",\"urlTemplate\":\"https:\/\/restaurantefrutosdelmar.com\/?s={search_term_string}\"},\"query-input\":{\"@type\":\"PropertyValueSpecification\",\"valueRequired\":true,\"valueName\":\"search_term_string\"}}],\"inLanguage\":\"en-US\"},{\"@type\":\"Organization\",\"@id\":\"https:\/\/restaurantefrutosdelmar.com\/#organization\",\"name\":\"Con tradicion Restaurante\",\"url\":\"https:\/\/restaurantefrutosdelmar.com\/\",\"logo\":{\"@type\":\"ImageObject\",\"inLanguage\":\"en-US\",\"@id\":\"https:\/\/restaurantefrutosdelmar.com\/#\/schema\/logo\/image\/\",\"url\":\"https:\/\/restaurantefrutosdelmar.com\/wp-content\/uploads\/2022\/12\/Contradicion-Restaurante.png\",\"contentUrl\":\"https:\/\/restaurantefrutosdelmar.com\/wp-content\/uploads\/2022\/12\/Contradicion-Restaurante.png\",\"width\":2090,\"height\":1324,\"caption\":\"Con tradicion Restaurante\"},\"image\":{\"@id\":\"https:\/\/restaurantefrutosdelmar.com\/#\/schema\/logo\/image\/\"},\"sameAs\":[\"https:\/\/es-la.facebook.com\/restaurantecontradicion\/\"]}]}<\/script>\n<!-- \/ Yoast SEO plugin. -->","yoast_head_json":{"title":"About Us 01 - restaurantefrutosdelmar.com","description":"El Restaurante Con tradici\u00f3n del chef Sergio Botero. Se encuentra ubicado en Marinilla, Antioquia. Durante los ultimos a\u00f1os ha recibido numerosos reconocimientos. Destacandose como uno de los mejores restaurantes de comida Colombiana del pa\u00eds.","robots":{"index":"index","follow":"follow","max-snippet":"max-snippet:-1","max-image-preview":"max-image-preview:large","max-video-preview":"max-video-preview:-1"},"canonical":"https:\/\/restaurantefrutosdelmar.com\/index.php\/pages\/about-us-01\/","og_locale":"en_US","og_type":"article","og_title":"About Us 01 - restaurantefrutosdelmar.com","og_description":"El Restaurante Con tradici\u00f3n del chef Sergio Botero. Se encuentra ubicado en Marinilla, Antioquia. Durante los ultimos a\u00f1os ha recibido numerosos reconocimientos. Destacandose como uno de los mejores restaurantes de comida Colombiana del pa\u00eds.","og_url":"https:\/\/restaurantefrutosdelmar.com\/index.php\/pages\/about-us-01\/","og_site_name":"restaurantefrutosdelmar.com","article_publisher":"https:\/\/es-la.facebook.com\/restaurantecontradicion\/","article_modified_time":"2022-12-14T15:35:20+00:00","twitter_card":"summary_large_image","twitter_misc":{"Est. reading time":"5 minutes"},"schema":{"@context":"https:\/\/schema.org","@graph":[{"@type":"WebPage","@id":"https:\/\/restaurantefrutosdelmar.com\/index.php\/pages\/about-us-01\/","url":"https:\/\/restaurantefrutosdelmar.com\/index.php\/pages\/about-us-01\/","name":"About Us 01 - restaurantefrutosdelmar.com","isPartOf":{"@id":"https:\/\/restaurantefrutosdelmar.com\/#website"},"datePublished":"2018-07-07T10:13:29+00:00","dateModified":"2022-12-14T15:35:20+00:00","description":"El Restaurante Con tradici\u00f3n del chef Sergio Botero. Se encuentra ubicado en Marinilla, Antioquia. Durante los ultimos a\u00f1os ha recibido numerosos reconocimientos. Destacandose como uno de los mejores restaurantes de comida Colombiana del pa\u00eds.","breadcrumb":{"@id":"https:\/\/restaurantefrutosdelmar.com\/index.php\/pages\/about-us-01\/#breadcrumb"},"inLanguage":"en-US","potentialAction":[{"@type":"ReadAction","target":["https:\/\/restaurantefrutosdelmar.com\/index.php\/pages\/about-us-01\/"]}]},{"@type":"BreadcrumbList","@id":"https:\/\/restaurantefrutosdelmar.com\/index.php\/pages\/about-us-01\/#breadcrumb","itemListElement":[{"@type":"ListItem","position":1,"name":"Home","item":"https:\/\/restaurantefrutosdelmar.com\/"},{"@type":"ListItem","position":2,"name":"Pages","item":"https:\/\/restaurantefrutosdelmar.com\/index.php\/pages\/"},{"@type":"ListItem","position":3,"name":"About Us 01"}]},{"@type":"WebSite","@id":"https:\/\/restaurantefrutosdelmar.com\/#website","url":"https:\/\/restaurantefrutosdelmar.com\/","name":"restaurantefrutosdelmar.com","description":"","publisher":{"@id":"https:\/\/restaurantefrutosdelmar.com\/#organization"},"potentialAction":[{"@type":"SearchAction","target":{"@type":"EntryPoint","urlTemplate":"https:\/\/restaurantefrutosdelmar.com\/?s={search_term_string}"},"query-input":{"@type":"PropertyValueSpecification","valueRequired":true,"valueName":"search_term_string"}}],"inLanguage":"en-US"},{"@type":"Organization","@id":"https:\/\/restaurantefrutosdelmar.com\/#organization","name":"Con tradicion Restaurante","url":"https:\/\/restaurantefrutosdelmar.com\/","logo":{"@type":"ImageObject","inLanguage":"en-US","@id":"https:\/\/restaurantefrutosdelmar.com\/#\/schema\/logo\/image\/","url":"https:\/\/restaurantefrutosdelmar.com\/wp-content\/uploads\/2022\/12\/Contradicion-Restaurante.png","contentUrl":"https:\/\/restaurantefrutosdelmar.com\/wp-content\/uploads\/2022\/12\/Contradicion-Restaurante.png","width":2090,"height":1324,"caption":"Con tradicion Restaurante"},"image":{"@id":"https:\/\/restaurantefrutosdelmar.com\/#\/schema\/logo\/image\/"},"sameAs":["https:\/\/es-la.facebook.com\/restaurantecontradicion\/"]}]}},"_links":{"self":[{"href":"https:\/\/restaurantefrutosdelmar.com\/index.php\/wp-json\/wp\/v2\/pages\/771","targetHints":{"allow":["GET"]}}],"collection":[{"href":"https:\/\/restaurantefrutosdelmar.com\/index.php\/wp-json\/wp\/v2\/pages"}],"about":[{"href":"https:\/\/restaurantefrutosdelmar.com\/index.php\/wp-json\/wp\/v2\/types\/page"}],"author":[{"embeddable":true,"href":"https:\/\/restaurantefrutosdelmar.com\/index.php\/wp-json\/wp\/v2\/users\/1"}],"replies":[{"embeddable":true,"href":"https:\/\/restaurantefrutosdelmar.com\/index.php\/wp-json\/wp\/v2\/comments?post=771"}],"version-history":[{"count":1,"href":"https:\/\/restaurantefrutosdelmar.com\/index.php\/wp-json\/wp\/v2\/pages\/771\/revisions"}],"predecessor-version":[{"id":5362,"href":"https:\/\/restaurantefrutosdelmar.com\/index.php\/wp-json\/wp\/v2\/pages\/771\/revisions\/5362"}],"up":[{"embeddable":true,"href":"https:\/\/restaurantefrutosdelmar.com\/index.php\/wp-json\/wp\/v2\/pages\/1144"}],"wp:attachment":[{"href":"https:\/\/restaurantefrutosdelmar.com\/index.php\/wp-json\/wp\/v2\/media?parent=771"}],"curies":[{"name":"wp","href":"https:\/\/api.w.org\/{rel}","templated":true}]}}